{"id":5855,"date":"2025-06-01T11:34:55","date_gmt":"2025-06-01T14:34:55","guid":{"rendered":"https:\/\/atividademapa.com\/?post_type=product&#038;p=5855"},"modified":"2025-06-15T19:14:23","modified_gmt":"2025-06-15T22:14:23","slug":"atividade-1-bioestatistica-e-epidemiologia-52_2025-2","status":"publish","type":"product","link":"https:\/\/atividademapa.com\/?product=atividade-1-bioestatistica-e-epidemiologia-52_2025-2","title":{"rendered":"ATIVIDADE 1 &#8211; BIOESTAT\u00cdSTICA E EPIDEMIOLOGIA &#8211; 52_2025"},"content":{"rendered":"<p>Catapora \u00e9 uma infec\u00e7\u00e3o causada pelo v\u00edrus varicela-zoster, altamente contagiosa, mas geralmente sem gravidade. \u00c9 comum em crian\u00e7as menores de 10 anos e confere imunidade vital\u00edcia ap\u00f3s o cont\u00e1gio. O v\u00edrus pode reativar-se na forma de herpes zoster. Transmite-se pelo contato com saliva, secre\u00e7\u00f5es respirat\u00f3rias ou l\u00edquido das ves\u00edculas. O per\u00edodo de incuba\u00e7\u00e3o \u00e9 de cerca de 15 dias, e a recupera\u00e7\u00e3o leva de sete a 10 dias.<br class=\"ng-scope\" \/>Fonte:\u00a0<strong class=\"ng-scope\">SOCIEDADE BRASILEIRA DE DERMATOLOGIA<\/strong>. Dispon\u00edvel em: https:\/\/www.sbd.org.br\/doencas\/catapora\/ . Acesso: 12 de mar 2025. (com adapta\u00e7\u00f5es)<br class=\"ng-scope\" \/>\u00a0<br class=\"ng-scope\" \/>\u00a0\u00a0\u00a0\u00a0\u00a0\u00a0\u00a0\u00a0\u00a0\u00a0\u00a0 Considere que voc\u00ea trabalhe em um hospital e tenha sido encarregado de analisar os prontu\u00e1rios de uma popula\u00e7\u00e3o de crian\u00e7as com idade entre 0 e 10 anos que foram acometidas com catapora. Considere ainda, que a tabela que segue, apresenta a distribui\u00e7\u00e3o de frequ\u00eancia referente \u00e0 idade dessas crian\u00e7as. Na tabela, cada classe de valores inclui o limite inferior e exclui o limite superior, exceto pela \u00faltima classe, que abrange ambos os limites.<br class=\"ng-scope\" \/>\u00a0\u00a0\u00a0\u00a0\u00a0\u00a0\u00a0\u00a0\u00a0\u00a0\u00a0<br class=\"ng-scope\" \/>A) Algumas informa\u00e7\u00f5es est\u00e3o ausentes e precisam ser determinadas com base nas rela\u00e7\u00f5es existentes entre os elementos da distribui\u00e7\u00e3o de frequ\u00eancia. Com isso,\u00a0<strong class=\"ng-scope\">COMPLETE<\/strong>\u00a0os dados que est\u00e3o faltando.<br class=\"ng-scope\" \/>\u00a0<br class=\"ng-scope\" \/>Tabela \u2013 Distribui\u00e7\u00e3o de frequ\u00eancia das idades de crian\u00e7as com catapora atendidas em um hospital. *<br class=\"ng-scope\" \/><img data-recalc-dims=\"1\" decoding=\"async\" class=\"ng-scope\" src=\"https:\/\/i0.wp.com\/sistemasead.unicesumar.edu.br\/flex\/amfphp\/services\/Portal\/ImagemQuestionario2\/QUE_257038_653357_1.png?ssl=1\" alt=\"\" \/><br class=\"ng-scope\" \/>\u200bFonte: elaborado pelo professor, 2025.<br class=\"ng-scope\" \/>*dados fict\u00edcios<br class=\"ng-scope\" \/>\u00a0\u00a0\u00a0\u00a0\u00a0\u00a0\u00a0\u00a0\u00a0\u00a0\u00a0<br class=\"ng-scope\" \/>Com base nessas informa\u00e7\u00f5es e ap\u00f3s completar a tabela, responda aos itens abaixo:<br class=\"ng-scope\" \/>\u00a0<br class=\"ng-scope\" \/>B)\u00a0<strong class=\"ng-scope\">CLASSIFIQUE<\/strong>\u00a0a vari\u00e1vel idade em qualitativa ou quantitativa, discreta ou cont\u00ednua.<br class=\"ng-scope\" \/>C)\u00a0<strong class=\"ng-scope\">RESPONDA<\/strong>: Qual o total de crian\u00e7as que foram acometidas com catapora?<br class=\"ng-scope\" \/>D)\u00a0<strong class=\"ng-scope\">CITE\u00a0<\/strong>o percentual de crian\u00e7as que apresentaram idade inferior a 4 anos.<br class=\"ng-scope\" \/><br class=\"ng-scope\" \/>\u200b<\/p>\n","protected":false},"excerpt":{"rendered":"<p>Catapora \u00e9 uma infec\u00e7\u00e3o causada pelo v\u00edrus varicela-zoster, altamente contagiosa, mas geralmente sem gravidade. \u00c9 comum em crian\u00e7as menores de<\/p>\n","protected":false},"featured_media":2326,"template":"","meta":{"_monsterinsights_skip_tracking":false,"_monsterinsights_sitenote_active":false,"_monsterinsights_sitenote_note":"","_monsterinsights_sitenote_category":0},"product_brand":[],"product_cat":[160],"product_tag":[],"class_list":{"0":"post-5855","1":"product","2":"type-product","3":"status-publish","4":"has-post-thumbnail","6":"product_cat-gestao-de-saude-publica","8":"first","9":"instock","10":"downloadable","11":"virtual","12":"purchasable","13":"product-type-simple"},"yoast_head":"<!-- This site is optimized with the Yoast SEO plugin v27.4 - https:\/\/yoast.com\/product\/yoast-seo-wordpress\/ -->\n<title>ATIVIDADE 1 - BIOESTAT\u00cdSTICA E EPIDEMIOLOGIA - 52_2025<\/title>\n<meta name=\"description\" content=\"Atividade ATIVIDADE 1 - BIOESTAT\u00cdSTICA E EPIDEMIOLOGIA - 52_2025 &#8902; Unicesumar. Baixe agora mesmo um Mapa Pronto resolvido!\" \/>\n<meta name=\"robots\" content=\"index, follow, max-snippet:-1, max-image-preview:large, max-video-preview:-1\" \/>\n<link rel=\"canonical\" href=\"https:\/\/atividademapa.com\/?product=atividade-1-bioestatistica-e-epidemiologia-52_2025-2\" \/>\n<meta property=\"og:locale\" content=\"pt_BR\" \/>\n<meta property=\"og:type\" content=\"article\" \/>\n<meta property=\"og:title\" content=\"ATIVIDADE 1 - BIOESTAT\u00cdSTICA E EPIDEMIOLOGIA - 52_2025\" \/>\n<meta property=\"og:description\" content=\"Atividade ATIVIDADE 1 - BIOESTAT\u00cdSTICA E EPIDEMIOLOGIA - 52_2025 &#8902; Unicesumar. Baixe agora mesmo um Mapa Pronto resolvido!\" \/>\n<meta property=\"og:url\" content=\"https:\/\/atividademapa.com\/?product=atividade-1-bioestatistica-e-epidemiologia-52_2025-2\" \/>\n<meta property=\"og:site_name\" content=\"Atividade Mapa\" \/>\n<meta property=\"article:modified_time\" content=\"2025-06-15T22:14:23+00:00\" \/>\n<meta property=\"og:image\" content=\"https:\/\/i0.wp.com\/atividademapa.com\/wp-content\/uploads\/2023\/03\/Atividade-M.A.P.A-3.png?fit=300%2C300&ssl=1\" \/>\n\t<meta property=\"og:image:width\" content=\"300\" \/>\n\t<meta property=\"og:image:height\" content=\"300\" \/>\n\t<meta property=\"og:image:type\" content=\"image\/png\" \/>\n<meta name=\"twitter:card\" content=\"summary_large_image\" \/>\n<meta name=\"twitter:label1\" content=\"Est. tempo de leitura\" \/>\n\t<meta name=\"twitter:data1\" content=\"1 minuto\" \/>\n<script type=\"application\/ld+json\" class=\"yoast-schema-graph\">{\"@context\":\"https:\\\/\\\/schema.org\",\"@graph\":[{\"@type\":\"WebPage\",\"@id\":\"https:\\\/\\\/atividademapa.com\\\/?product=atividade-1-bioestatistica-e-epidemiologia-52_2025-2\",\"url\":\"https:\\\/\\\/atividademapa.com\\\/?product=atividade-1-bioestatistica-e-epidemiologia-52_2025-2\",\"name\":\"ATIVIDADE 1 - BIOESTAT\u00cdSTICA E EPIDEMIOLOGIA - 52_2025\",\"isPartOf\":{\"@id\":\"https:\\\/\\\/atividademapa.com\\\/#website\"},\"primaryImageOfPage\":{\"@id\":\"https:\\\/\\\/atividademapa.com\\\/?product=atividade-1-bioestatistica-e-epidemiologia-52_2025-2#primaryimage\"},\"image\":{\"@id\":\"https:\\\/\\\/atividademapa.com\\\/?product=atividade-1-bioestatistica-e-epidemiologia-52_2025-2#primaryimage\"},\"thumbnailUrl\":\"https:\\\/\\\/i0.wp.com\\\/atividademapa.com\\\/wp-content\\\/uploads\\\/2023\\\/03\\\/Atividade-M.A.P.A-3.png?fit=300%2C300&ssl=1\",\"datePublished\":\"2025-06-01T14:34:55+00:00\",\"dateModified\":\"2025-06-15T22:14:23+00:00\",\"description\":\"Atividade ATIVIDADE 1 - BIOESTAT\u00cdSTICA E EPIDEMIOLOGIA - 52_2025 &#8902; Unicesumar. Baixe agora mesmo um Mapa Pronto resolvido!\",\"breadcrumb\":{\"@id\":\"https:\\\/\\\/atividademapa.com\\\/?product=atividade-1-bioestatistica-e-epidemiologia-52_2025-2#breadcrumb\"},\"inLanguage\":\"pt-BR\",\"potentialAction\":[{\"@type\":\"ReadAction\",\"target\":[\"https:\\\/\\\/atividademapa.com\\\/?product=atividade-1-bioestatistica-e-epidemiologia-52_2025-2\"]}]},{\"@type\":\"ImageObject\",\"inLanguage\":\"pt-BR\",\"@id\":\"https:\\\/\\\/atividademapa.com\\\/?product=atividade-1-bioestatistica-e-epidemiologia-52_2025-2#primaryimage\",\"url\":\"https:\\\/\\\/i0.wp.com\\\/atividademapa.com\\\/wp-content\\\/uploads\\\/2023\\\/03\\\/Atividade-M.A.P.A-3.png?fit=300%2C300&ssl=1\",\"contentUrl\":\"https:\\\/\\\/i0.wp.com\\\/atividademapa.com\\\/wp-content\\\/uploads\\\/2023\\\/03\\\/Atividade-M.A.P.A-3.png?fit=300%2C300&ssl=1\",\"width\":300,\"height\":300,\"caption\":\"Mapa Unicesumar Atividade\"},{\"@type\":\"BreadcrumbList\",\"@id\":\"https:\\\/\\\/atividademapa.com\\\/?product=atividade-1-bioestatistica-e-epidemiologia-52_2025-2#breadcrumb\",\"itemListElement\":[{\"@type\":\"ListItem\",\"position\":1,\"name\":\"In\u00edcio\",\"item\":\"https:\\\/\\\/atividademapa.com\\\/\"},{\"@type\":\"ListItem\",\"position\":2,\"name\":\"MAPAS\",\"item\":\"https:\\\/\\\/atividademapa.com\\\/?page_id=5\"},{\"@type\":\"ListItem\",\"position\":3,\"name\":\"ATIVIDADE 1 &#8211; BIOESTAT\u00cdSTICA E EPIDEMIOLOGIA &#8211; 52_2025\"}]},{\"@type\":\"WebSite\",\"@id\":\"https:\\\/\\\/atividademapa.com\\\/#website\",\"url\":\"https:\\\/\\\/atividademapa.com\\\/\",\"name\":\"Atividade Mapa\",\"description\":\"StudeO | Unicesumar\",\"publisher\":{\"@id\":\"https:\\\/\\\/atividademapa.com\\\/#organization\"},\"potentialAction\":[{\"@type\":\"SearchAction\",\"target\":{\"@type\":\"EntryPoint\",\"urlTemplate\":\"https:\\\/\\\/atividademapa.com\\\/?s={search_term_string}\"},\"query-input\":{\"@type\":\"PropertyValueSpecification\",\"valueRequired\":true,\"valueName\":\"search_term_string\"}}],\"inLanguage\":\"pt-BR\"},{\"@type\":\"Organization\",\"@id\":\"https:\\\/\\\/atividademapa.com\\\/#organization\",\"name\":\"Atividade MAPA\",\"url\":\"https:\\\/\\\/atividademapa.com\\\/\",\"logo\":{\"@type\":\"ImageObject\",\"inLanguage\":\"pt-BR\",\"@id\":\"https:\\\/\\\/atividademapa.com\\\/#\\\/schema\\\/logo\\\/image\\\/\",\"url\":\"https:\\\/\\\/i0.wp.com\\\/atividademapa.com\\\/wp-content\\\/uploads\\\/2023\\\/02\\\/ATIVIDADE.png?fit=600%2C300&ssl=1\",\"contentUrl\":\"https:\\\/\\\/i0.wp.com\\\/atividademapa.com\\\/wp-content\\\/uploads\\\/2023\\\/02\\\/ATIVIDADE.png?fit=600%2C300&ssl=1\",\"width\":600,\"height\":300,\"caption\":\"Atividade MAPA\"},\"image\":{\"@id\":\"https:\\\/\\\/atividademapa.com\\\/#\\\/schema\\\/logo\\\/image\\\/\"}}]}<\/script>\n<!-- \/ Yoast SEO plugin. -->","yoast_head_json":{"title":"ATIVIDADE 1 - BIOESTAT\u00cdSTICA E EPIDEMIOLOGIA - 52_2025","description":"Atividade ATIVIDADE 1 - BIOESTAT\u00cdSTICA E EPIDEMIOLOGIA - 52_2025 &#8902; Unicesumar. Baixe agora mesmo um Mapa Pronto resolvido!","robots":{"index":"index","follow":"follow","max-snippet":"max-snippet:-1","max-image-preview":"max-image-preview:large","max-video-preview":"max-video-preview:-1"},"canonical":"https:\/\/atividademapa.com\/?product=atividade-1-bioestatistica-e-epidemiologia-52_2025-2","og_locale":"pt_BR","og_type":"article","og_title":"ATIVIDADE 1 - BIOESTAT\u00cdSTICA E EPIDEMIOLOGIA - 52_2025","og_description":"Atividade ATIVIDADE 1 - BIOESTAT\u00cdSTICA E EPIDEMIOLOGIA - 52_2025 &#8902; Unicesumar. Baixe agora mesmo um Mapa Pronto resolvido!","og_url":"https:\/\/atividademapa.com\/?product=atividade-1-bioestatistica-e-epidemiologia-52_2025-2","og_site_name":"Atividade Mapa","article_modified_time":"2025-06-15T22:14:23+00:00","og_image":[{"width":300,"height":300,"url":"https:\/\/i0.wp.com\/atividademapa.com\/wp-content\/uploads\/2023\/03\/Atividade-M.A.P.A-3.png?fit=300%2C300&ssl=1","type":"image\/png"}],"twitter_card":"summary_large_image","twitter_misc":{"Est. tempo de leitura":"1 minuto"},"schema":{"@context":"https:\/\/schema.org","@graph":[{"@type":"WebPage","@id":"https:\/\/atividademapa.com\/?product=atividade-1-bioestatistica-e-epidemiologia-52_2025-2","url":"https:\/\/atividademapa.com\/?product=atividade-1-bioestatistica-e-epidemiologia-52_2025-2","name":"ATIVIDADE 1 - BIOESTAT\u00cdSTICA E EPIDEMIOLOGIA - 52_2025","isPartOf":{"@id":"https:\/\/atividademapa.com\/#website"},"primaryImageOfPage":{"@id":"https:\/\/atividademapa.com\/?product=atividade-1-bioestatistica-e-epidemiologia-52_2025-2#primaryimage"},"image":{"@id":"https:\/\/atividademapa.com\/?product=atividade-1-bioestatistica-e-epidemiologia-52_2025-2#primaryimage"},"thumbnailUrl":"https:\/\/i0.wp.com\/atividademapa.com\/wp-content\/uploads\/2023\/03\/Atividade-M.A.P.A-3.png?fit=300%2C300&ssl=1","datePublished":"2025-06-01T14:34:55+00:00","dateModified":"2025-06-15T22:14:23+00:00","description":"Atividade ATIVIDADE 1 - BIOESTAT\u00cdSTICA E EPIDEMIOLOGIA - 52_2025 &#8902; Unicesumar. Baixe agora mesmo um Mapa Pronto resolvido!","breadcrumb":{"@id":"https:\/\/atividademapa.com\/?product=atividade-1-bioestatistica-e-epidemiologia-52_2025-2#breadcrumb"},"inLanguage":"pt-BR","potentialAction":[{"@type":"ReadAction","target":["https:\/\/atividademapa.com\/?product=atividade-1-bioestatistica-e-epidemiologia-52_2025-2"]}]},{"@type":"ImageObject","inLanguage":"pt-BR","@id":"https:\/\/atividademapa.com\/?product=atividade-1-bioestatistica-e-epidemiologia-52_2025-2#primaryimage","url":"https:\/\/i0.wp.com\/atividademapa.com\/wp-content\/uploads\/2023\/03\/Atividade-M.A.P.A-3.png?fit=300%2C300&ssl=1","contentUrl":"https:\/\/i0.wp.com\/atividademapa.com\/wp-content\/uploads\/2023\/03\/Atividade-M.A.P.A-3.png?fit=300%2C300&ssl=1","width":300,"height":300,"caption":"Mapa Unicesumar Atividade"},{"@type":"BreadcrumbList","@id":"https:\/\/atividademapa.com\/?product=atividade-1-bioestatistica-e-epidemiologia-52_2025-2#breadcrumb","itemListElement":[{"@type":"ListItem","position":1,"name":"In\u00edcio","item":"https:\/\/atividademapa.com\/"},{"@type":"ListItem","position":2,"name":"MAPAS","item":"https:\/\/atividademapa.com\/?page_id=5"},{"@type":"ListItem","position":3,"name":"ATIVIDADE 1 &#8211; BIOESTAT\u00cdSTICA E EPIDEMIOLOGIA &#8211; 52_2025"}]},{"@type":"WebSite","@id":"https:\/\/atividademapa.com\/#website","url":"https:\/\/atividademapa.com\/","name":"Atividade Mapa","description":"StudeO | Unicesumar","publisher":{"@id":"https:\/\/atividademapa.com\/#organization"},"potentialAction":[{"@type":"SearchAction","target":{"@type":"EntryPoint","urlTemplate":"https:\/\/atividademapa.com\/?s={search_term_string}"},"query-input":{"@type":"PropertyValueSpecification","valueRequired":true,"valueName":"search_term_string"}}],"inLanguage":"pt-BR"},{"@type":"Organization","@id":"https:\/\/atividademapa.com\/#organization","name":"Atividade MAPA","url":"https:\/\/atividademapa.com\/","logo":{"@type":"ImageObject","inLanguage":"pt-BR","@id":"https:\/\/atividademapa.com\/#\/schema\/logo\/image\/","url":"https:\/\/i0.wp.com\/atividademapa.com\/wp-content\/uploads\/2023\/02\/ATIVIDADE.png?fit=600%2C300&ssl=1","contentUrl":"https:\/\/i0.wp.com\/atividademapa.com\/wp-content\/uploads\/2023\/02\/ATIVIDADE.png?fit=600%2C300&ssl=1","width":600,"height":300,"caption":"Atividade MAPA"},"image":{"@id":"https:\/\/atividademapa.com\/#\/schema\/logo\/image\/"}}]}},"_links":{"self":[{"href":"https:\/\/atividademapa.com\/index.php?rest_route=\/wp\/v2\/product\/5855","targetHints":{"allow":["GET"]}}],"collection":[{"href":"https:\/\/atividademapa.com\/index.php?rest_route=\/wp\/v2\/product"}],"about":[{"href":"https:\/\/atividademapa.com\/index.php?rest_route=\/wp\/v2\/types\/product"}],"version-history":[{"count":2,"href":"https:\/\/atividademapa.com\/index.php?rest_route=\/wp\/v2\/product\/5855\/revisions"}],"predecessor-version":[{"id":5858,"href":"https:\/\/atividademapa.com\/index.php?rest_route=\/wp\/v2\/product\/5855\/revisions\/5858"}],"wp:featuredmedia":[{"embeddable":true,"href":"https:\/\/atividademapa.com\/index.php?rest_route=\/wp\/v2\/media\/2326"}],"wp:attachment":[{"href":"https:\/\/atividademapa.com\/index.php?rest_route=%2Fwp%2Fv2%2Fmedia&parent=5855"}],"wp:term":[{"taxonomy":"product_brand","embeddable":true,"href":"https:\/\/atividademapa.com\/index.php?rest_route=%2Fwp%2Fv2%2Fproduct_brand&post=5855"},{"taxonomy":"product_cat","embeddable":true,"href":"https:\/\/atividademapa.com\/index.php?rest_route=%2Fwp%2Fv2%2Fproduct_cat&post=5855"},{"taxonomy":"product_tag","embeddable":true,"href":"https:\/\/atividademapa.com\/index.php?rest_route=%2Fwp%2Fv2%2Fproduct_tag&post=5855"}],"curies":[{"name":"wp","href":"https:\/\/api.w.org\/{rel}","templated":true}]}}