{"id":5912,"date":"2025-06-11T21:19:50","date_gmt":"2025-06-12T00:19:50","guid":{"rendered":"https:\/\/atividademapa.com\/?post_type=product&#038;p=5912"},"modified":"2025-06-11T21:19:52","modified_gmt":"2025-06-12T00:19:52","slug":"mapa-basquete-e-handebol-52-2025","status":"publish","type":"product","link":"https:\/\/atividademapa.com\/?product=mapa-basquete-e-handebol-52-2025","title":{"rendered":"MAPA &#8211; BASQUETE E HANDEBOL &#8211; 52\/2025"},"content":{"rendered":"<p><strong>Instru\u00e7\u00f5es para Realiza\u00e7\u00e3o da Atividade<\/strong><\/p>\n<ol>\n<li>Todos os campos acima dever\u00e3o ser devidamente preenchidos;<\/li>\n<li>\u00c9 obrigat\u00f3ria a utiliza\u00e7\u00e3o deste formul\u00e1rio para a realiza\u00e7\u00e3o do MAPA;<\/li>\n<li>Esta \u00e9 uma atividade individual. Caso identificado c\u00f3pia de colegas, o trabalho de ambos sofrer\u00e1 decr\u00e9scimo de nota;<\/li>\n<li>Utilizando este formul\u00e1rio, realize sua atividade, salve em seu computador, renomeie e envie em forma de anexo;<\/li>\n<li>Formata\u00e7\u00e3o exigida para esta atividade: documento Word, Fonte Arial ou Times New Roman tamanho 12, Espa\u00e7amento entre linhas 1,5, texto justificado;<\/li>\n<li>Ao utilizar quaisquer materiais de pesquisa referencie conforme as normas da ABNT;<\/li>\n<li>Na <u>Sala do Caf\u00e9<\/u> do ambiente virtual da disciplina voc\u00ea encontrar\u00e1 orienta\u00e7\u00f5es importantes para elabora\u00e7\u00e3o desta atividade. Confira!<\/li>\n<li>Crit\u00e9rios de avalia\u00e7\u00e3o: Utiliza\u00e7\u00e3o do template; Atendimento ao Tema; Constitui\u00e7\u00e3o dos argumentos e organiza\u00e7\u00e3o das Ideias; Corre\u00e7\u00e3o Gramatical e atendimento \u00e0s normas ABNT.<\/li>\n<li>Procure argumentar de forma clara e objetiva, de acordo com o conte\u00fado da disciplina.<\/li>\n<\/ol>\n<p>&nbsp;<\/p>\n<p>&nbsp;<\/p>\n<p><strong>Em caso de d\u00favidas, entre em contato com seu Professor Mediador.<\/strong><\/p>\n<p><strong>\u00a0<\/strong><\/p>\n<p><strong>Bons estudos!<\/strong><\/p>\n<p><strong>V\u00cdDEO EXPLICATIVO<\/strong><\/p>\n<p>&nbsp;<\/p>\n<p><a href=\"https:\/\/www.youtube.com\/watch?v=AqMv28DxaA0\">https:\/\/www.youtube.com\/watch?v=AqMv28DxaA0<\/a><\/p>\n<p>&nbsp;<\/p>\n<p>O handebol \u00e9 uma modalidade coletiva em que jogam 7 jogadores(as) de cada lado em uma quadra dividida ao meio. Cada equipe possui uma meta(gol) que precisa ser protegida e uma que precisa ser atacada. Essa modalidade, assim com outras modalidades coletivas, envolve habilidades t\u00e9cnicas e t\u00e1ticas que precisam ser ensinadas para o melhor desenvolvimento do jogo. No contexto da escola ou da inicia\u00e7\u00e3o esportiva, o ensino deve ir al\u00e9m da repeti\u00e7\u00e3o de movimentos de forma mecanizada, ou seja, precisa romper com a metodologia tradicional de ensino e ensinar com base nos princ\u00edpios de jogo (ataque e defesa), considerando a tomada de decis\u00e3o e a compreens\u00e3o da modalidade.<\/p>\n<p>&nbsp;<\/p>\n<p>Kravchynchyn, Claudio &amp; da Costa, Luciane Cristina Arantes. <strong>Basquete e Handebol<\/strong><em>.<\/em> Maring\u00e1 \u2013 PR: Unicesumar, 2024.<\/p>\n<p>&nbsp;<\/p>\n<p>Considerando que voc\u00ea, futuro(a) profissional de Educa\u00e7\u00e3o F\u00edsica, poder\u00e1 trabalhar com essas modalidades seja na escola ou no treinamento, \u00e9 importante que voc\u00ea conhe\u00e7a as caracter\u00edsticas dessa modalidade e saiba como elaborar atividades que promovam um ensino com base na tomada de decis\u00e3o e pensamento t\u00e1tico. Dessa forma, responsa as quest\u00f5es abaixo:<\/p>\n<p>&nbsp;<\/p>\n<p>Considerando essas informa\u00e7\u00f5es, responda as quest\u00f5es abaixo:<\/p>\n<p>&nbsp;<\/p>\n<ol>\n<li>Listar quais s\u00e3o os fundamentos t\u00e9cnicos do handebol.<\/li>\n<\/ol>\n<p>&nbsp;<\/p>\n<ol start=\"2\">\n<li>Mencione pelo menos duas metodologias interacionistas (alternativas) de ensino dos jogos esportivos coletivos.<\/li>\n<\/ol>\n<p>&nbsp;<\/p>\n<ol start=\"3\">\n<li>Escolher dois fundamentos t\u00e9cnicos do handebol e elaborar uma atividade pr\u00e1tica de ensino-aprendizagem para cada uma delas, utilizando metodologias interacionistas (alternativas), isto \u00e9, que envolvam situa\u00e7\u00f5es de ataque e defesa. As atividades devem conter: nome, objetivo, idade (faixa et\u00e1ria), descri\u00e7\u00e3o detalhada da atividade (regras, materiais, organiza\u00e7\u00e3o dos alunos(as), dura\u00e7\u00e3o, etc) , al\u00e9m da ilustra\u00e7\u00e3o\u00a0da atividade.<\/li>\n<\/ol>\n<p>&nbsp;<\/p>\n<p>&nbsp;<\/p>\n<table>\n<tbody>\n<tr>\n<td width=\"601\"><strong>ATIVIDADE 1:<\/strong><\/p>\n<p>&nbsp;<\/p>\n<p>NOME:<\/p>\n<p>OBJETIVO:<\/p>\n<p>IDADE:<\/p>\n<p>DESCRI\u00c7\u00c3O:<\/p>\n<p>&nbsp;<\/p>\n<p>&nbsp;<\/p>\n<p><strong>ATIVIDADE 2:<\/strong><\/p>\n<p>&nbsp;<\/p>\n<p>NOME:<\/p>\n<p>OBJETIVO:<\/p>\n<p>IDADE:<\/p>\n<p>DESCRI\u00c7\u00c3O:<\/td>\n<\/tr>\n<\/tbody>\n<\/table>\n<ol start=\"4\">\n<li>Explicar como suas atividades podem promover a aprendizagem dos fundamentos e como est\u00e3o alinhadas com as metodologias interacionistas (alternativas).<\/li>\n<\/ol>\n<p>&nbsp;<\/p>\n<p>\u200bPara desenhar as atividades solicitadas voc\u00ea poder\u00e1 utilizar o aplicativo gratuito Tactical-Board e suas funcionalidades.<\/p>\n<p>Segue o link de acesso: <a href=\"https:\/\/tactical-board.com\/pt\/handball\">https:\/\/tactical-board.com\/pt\/handball<\/a><\/p>\n","protected":false},"excerpt":{"rendered":"<p>Instru\u00e7\u00f5es para Realiza\u00e7\u00e3o da Atividade Todos os campos acima dever\u00e3o ser devidamente preenchidos; \u00c9 obrigat\u00f3ria a utiliza\u00e7\u00e3o deste formul\u00e1rio para<\/p>\n","protected":false},"featured_media":2326,"template":"","meta":{"_monsterinsights_skip_tracking":false,"_monsterinsights_sitenote_active":false,"_monsterinsights_sitenote_note":"","_monsterinsights_sitenote_category":0},"product_brand":[],"product_cat":[42],"product_tag":[],"class_list":{"0":"post-5912","1":"product","2":"type-product","3":"status-publish","4":"has-post-thumbnail","6":"product_cat-educacao-fisica","8":"first","9":"instock","10":"downloadable","11":"virtual","12":"purchasable","13":"product-type-simple"},"yoast_head":"<!-- This site is optimized with the Yoast SEO plugin v27.4 - https:\/\/yoast.com\/product\/yoast-seo-wordpress\/ -->\n<title>MAPA - BASQUETE E HANDEBOL - 52\/2025<\/title>\n<meta name=\"description\" content=\"Atividade MAPA - BASQUETE E HANDEBOL - 52\/2025 &#8902; Unicesumar. Baixe agora mesmo um Mapa Pronto resolvido!\" \/>\n<meta name=\"robots\" content=\"index, follow, max-snippet:-1, max-image-preview:large, max-video-preview:-1\" \/>\n<link rel=\"canonical\" href=\"https:\/\/atividademapa.com\/?product=mapa-basquete-e-handebol-52-2025\" \/>\n<meta property=\"og:locale\" content=\"pt_BR\" \/>\n<meta property=\"og:type\" content=\"article\" \/>\n<meta property=\"og:title\" content=\"MAPA - BASQUETE E HANDEBOL - 52\/2025\" \/>\n<meta property=\"og:description\" content=\"Atividade MAPA - BASQUETE E HANDEBOL - 52\/2025 &#8902; Unicesumar. Baixe agora mesmo um Mapa Pronto resolvido!\" \/>\n<meta property=\"og:url\" content=\"https:\/\/atividademapa.com\/?product=mapa-basquete-e-handebol-52-2025\" \/>\n<meta property=\"og:site_name\" content=\"Atividade Mapa\" \/>\n<meta property=\"article:modified_time\" content=\"2025-06-12T00:19:52+00:00\" \/>\n<meta property=\"og:image\" content=\"https:\/\/i0.wp.com\/atividademapa.com\/wp-content\/uploads\/2023\/03\/Atividade-M.A.P.A-3.png?fit=300%2C300&ssl=1\" \/>\n\t<meta property=\"og:image:width\" content=\"300\" \/>\n\t<meta property=\"og:image:height\" content=\"300\" \/>\n\t<meta property=\"og:image:type\" content=\"image\/png\" \/>\n<meta name=\"twitter:card\" content=\"summary_large_image\" \/>\n<meta name=\"twitter:label1\" content=\"Est. tempo de leitura\" \/>\n\t<meta name=\"twitter:data1\" content=\"3 minutos\" \/>\n<script type=\"application\/ld+json\" class=\"yoast-schema-graph\">{\"@context\":\"https:\\\/\\\/schema.org\",\"@graph\":[{\"@type\":\"WebPage\",\"@id\":\"https:\\\/\\\/atividademapa.com\\\/?product=mapa-basquete-e-handebol-52-2025\",\"url\":\"https:\\\/\\\/atividademapa.com\\\/?product=mapa-basquete-e-handebol-52-2025\",\"name\":\"MAPA - BASQUETE E HANDEBOL - 52\\\/2025\",\"isPartOf\":{\"@id\":\"https:\\\/\\\/atividademapa.com\\\/#website\"},\"primaryImageOfPage\":{\"@id\":\"https:\\\/\\\/atividademapa.com\\\/?product=mapa-basquete-e-handebol-52-2025#primaryimage\"},\"image\":{\"@id\":\"https:\\\/\\\/atividademapa.com\\\/?product=mapa-basquete-e-handebol-52-2025#primaryimage\"},\"thumbnailUrl\":\"https:\\\/\\\/i0.wp.com\\\/atividademapa.com\\\/wp-content\\\/uploads\\\/2023\\\/03\\\/Atividade-M.A.P.A-3.png?fit=300%2C300&ssl=1\",\"datePublished\":\"2025-06-12T00:19:50+00:00\",\"dateModified\":\"2025-06-12T00:19:52+00:00\",\"description\":\"Atividade MAPA - BASQUETE E HANDEBOL - 52\\\/2025 &#8902; Unicesumar. Baixe agora mesmo um Mapa Pronto resolvido!\",\"breadcrumb\":{\"@id\":\"https:\\\/\\\/atividademapa.com\\\/?product=mapa-basquete-e-handebol-52-2025#breadcrumb\"},\"inLanguage\":\"pt-BR\",\"potentialAction\":[{\"@type\":\"ReadAction\",\"target\":[\"https:\\\/\\\/atividademapa.com\\\/?product=mapa-basquete-e-handebol-52-2025\"]}]},{\"@type\":\"ImageObject\",\"inLanguage\":\"pt-BR\",\"@id\":\"https:\\\/\\\/atividademapa.com\\\/?product=mapa-basquete-e-handebol-52-2025#primaryimage\",\"url\":\"https:\\\/\\\/i0.wp.com\\\/atividademapa.com\\\/wp-content\\\/uploads\\\/2023\\\/03\\\/Atividade-M.A.P.A-3.png?fit=300%2C300&ssl=1\",\"contentUrl\":\"https:\\\/\\\/i0.wp.com\\\/atividademapa.com\\\/wp-content\\\/uploads\\\/2023\\\/03\\\/Atividade-M.A.P.A-3.png?fit=300%2C300&ssl=1\",\"width\":300,\"height\":300,\"caption\":\"Mapa Unicesumar Atividade\"},{\"@type\":\"BreadcrumbList\",\"@id\":\"https:\\\/\\\/atividademapa.com\\\/?product=mapa-basquete-e-handebol-52-2025#breadcrumb\",\"itemListElement\":[{\"@type\":\"ListItem\",\"position\":1,\"name\":\"In\u00edcio\",\"item\":\"https:\\\/\\\/atividademapa.com\\\/\"},{\"@type\":\"ListItem\",\"position\":2,\"name\":\"MAPAS\",\"item\":\"https:\\\/\\\/atividademapa.com\\\/?page_id=5\"},{\"@type\":\"ListItem\",\"position\":3,\"name\":\"MAPA &#8211; BASQUETE E HANDEBOL &#8211; 52\\\/2025\"}]},{\"@type\":\"WebSite\",\"@id\":\"https:\\\/\\\/atividademapa.com\\\/#website\",\"url\":\"https:\\\/\\\/atividademapa.com\\\/\",\"name\":\"Atividade Mapa\",\"description\":\"StudeO | Unicesumar\",\"publisher\":{\"@id\":\"https:\\\/\\\/atividademapa.com\\\/#organization\"},\"potentialAction\":[{\"@type\":\"SearchAction\",\"target\":{\"@type\":\"EntryPoint\",\"urlTemplate\":\"https:\\\/\\\/atividademapa.com\\\/?s={search_term_string}\"},\"query-input\":{\"@type\":\"PropertyValueSpecification\",\"valueRequired\":true,\"valueName\":\"search_term_string\"}}],\"inLanguage\":\"pt-BR\"},{\"@type\":\"Organization\",\"@id\":\"https:\\\/\\\/atividademapa.com\\\/#organization\",\"name\":\"Atividade MAPA\",\"url\":\"https:\\\/\\\/atividademapa.com\\\/\",\"logo\":{\"@type\":\"ImageObject\",\"inLanguage\":\"pt-BR\",\"@id\":\"https:\\\/\\\/atividademapa.com\\\/#\\\/schema\\\/logo\\\/image\\\/\",\"url\":\"https:\\\/\\\/i0.wp.com\\\/atividademapa.com\\\/wp-content\\\/uploads\\\/2023\\\/02\\\/ATIVIDADE.png?fit=600%2C300&ssl=1\",\"contentUrl\":\"https:\\\/\\\/i0.wp.com\\\/atividademapa.com\\\/wp-content\\\/uploads\\\/2023\\\/02\\\/ATIVIDADE.png?fit=600%2C300&ssl=1\",\"width\":600,\"height\":300,\"caption\":\"Atividade MAPA\"},\"image\":{\"@id\":\"https:\\\/\\\/atividademapa.com\\\/#\\\/schema\\\/logo\\\/image\\\/\"}}]}<\/script>\n<!-- \/ Yoast SEO plugin. -->","yoast_head_json":{"title":"MAPA - BASQUETE E HANDEBOL - 52\/2025","description":"Atividade MAPA - BASQUETE E HANDEBOL - 52\/2025 &#8902; Unicesumar. Baixe agora mesmo um Mapa Pronto resolvido!","robots":{"index":"index","follow":"follow","max-snippet":"max-snippet:-1","max-image-preview":"max-image-preview:large","max-video-preview":"max-video-preview:-1"},"canonical":"https:\/\/atividademapa.com\/?product=mapa-basquete-e-handebol-52-2025","og_locale":"pt_BR","og_type":"article","og_title":"MAPA - BASQUETE E HANDEBOL - 52\/2025","og_description":"Atividade MAPA - BASQUETE E HANDEBOL - 52\/2025 &#8902; Unicesumar. Baixe agora mesmo um Mapa Pronto resolvido!","og_url":"https:\/\/atividademapa.com\/?product=mapa-basquete-e-handebol-52-2025","og_site_name":"Atividade Mapa","article_modified_time":"2025-06-12T00:19:52+00:00","og_image":[{"width":300,"height":300,"url":"https:\/\/i0.wp.com\/atividademapa.com\/wp-content\/uploads\/2023\/03\/Atividade-M.A.P.A-3.png?fit=300%2C300&ssl=1","type":"image\/png"}],"twitter_card":"summary_large_image","twitter_misc":{"Est. tempo de leitura":"3 minutos"},"schema":{"@context":"https:\/\/schema.org","@graph":[{"@type":"WebPage","@id":"https:\/\/atividademapa.com\/?product=mapa-basquete-e-handebol-52-2025","url":"https:\/\/atividademapa.com\/?product=mapa-basquete-e-handebol-52-2025","name":"MAPA - BASQUETE E HANDEBOL - 52\/2025","isPartOf":{"@id":"https:\/\/atividademapa.com\/#website"},"primaryImageOfPage":{"@id":"https:\/\/atividademapa.com\/?product=mapa-basquete-e-handebol-52-2025#primaryimage"},"image":{"@id":"https:\/\/atividademapa.com\/?product=mapa-basquete-e-handebol-52-2025#primaryimage"},"thumbnailUrl":"https:\/\/i0.wp.com\/atividademapa.com\/wp-content\/uploads\/2023\/03\/Atividade-M.A.P.A-3.png?fit=300%2C300&ssl=1","datePublished":"2025-06-12T00:19:50+00:00","dateModified":"2025-06-12T00:19:52+00:00","description":"Atividade MAPA - BASQUETE E HANDEBOL - 52\/2025 &#8902; Unicesumar. Baixe agora mesmo um Mapa Pronto resolvido!","breadcrumb":{"@id":"https:\/\/atividademapa.com\/?product=mapa-basquete-e-handebol-52-2025#breadcrumb"},"inLanguage":"pt-BR","potentialAction":[{"@type":"ReadAction","target":["https:\/\/atividademapa.com\/?product=mapa-basquete-e-handebol-52-2025"]}]},{"@type":"ImageObject","inLanguage":"pt-BR","@id":"https:\/\/atividademapa.com\/?product=mapa-basquete-e-handebol-52-2025#primaryimage","url":"https:\/\/i0.wp.com\/atividademapa.com\/wp-content\/uploads\/2023\/03\/Atividade-M.A.P.A-3.png?fit=300%2C300&ssl=1","contentUrl":"https:\/\/i0.wp.com\/atividademapa.com\/wp-content\/uploads\/2023\/03\/Atividade-M.A.P.A-3.png?fit=300%2C300&ssl=1","width":300,"height":300,"caption":"Mapa Unicesumar Atividade"},{"@type":"BreadcrumbList","@id":"https:\/\/atividademapa.com\/?product=mapa-basquete-e-handebol-52-2025#breadcrumb","itemListElement":[{"@type":"ListItem","position":1,"name":"In\u00edcio","item":"https:\/\/atividademapa.com\/"},{"@type":"ListItem","position":2,"name":"MAPAS","item":"https:\/\/atividademapa.com\/?page_id=5"},{"@type":"ListItem","position":3,"name":"MAPA &#8211; BASQUETE E HANDEBOL &#8211; 52\/2025"}]},{"@type":"WebSite","@id":"https:\/\/atividademapa.com\/#website","url":"https:\/\/atividademapa.com\/","name":"Atividade Mapa","description":"StudeO | Unicesumar","publisher":{"@id":"https:\/\/atividademapa.com\/#organization"},"potentialAction":[{"@type":"SearchAction","target":{"@type":"EntryPoint","urlTemplate":"https:\/\/atividademapa.com\/?s={search_term_string}"},"query-input":{"@type":"PropertyValueSpecification","valueRequired":true,"valueName":"search_term_string"}}],"inLanguage":"pt-BR"},{"@type":"Organization","@id":"https:\/\/atividademapa.com\/#organization","name":"Atividade MAPA","url":"https:\/\/atividademapa.com\/","logo":{"@type":"ImageObject","inLanguage":"pt-BR","@id":"https:\/\/atividademapa.com\/#\/schema\/logo\/image\/","url":"https:\/\/i0.wp.com\/atividademapa.com\/wp-content\/uploads\/2023\/02\/ATIVIDADE.png?fit=600%2C300&ssl=1","contentUrl":"https:\/\/i0.wp.com\/atividademapa.com\/wp-content\/uploads\/2023\/02\/ATIVIDADE.png?fit=600%2C300&ssl=1","width":600,"height":300,"caption":"Atividade MAPA"},"image":{"@id":"https:\/\/atividademapa.com\/#\/schema\/logo\/image\/"}}]}},"_links":{"self":[{"href":"https:\/\/atividademapa.com\/index.php?rest_route=\/wp\/v2\/product\/5912","targetHints":{"allow":["GET"]}}],"collection":[{"href":"https:\/\/atividademapa.com\/index.php?rest_route=\/wp\/v2\/product"}],"about":[{"href":"https:\/\/atividademapa.com\/index.php?rest_route=\/wp\/v2\/types\/product"}],"version-history":[{"count":1,"href":"https:\/\/atividademapa.com\/index.php?rest_route=\/wp\/v2\/product\/5912\/revisions"}],"predecessor-version":[{"id":5914,"href":"https:\/\/atividademapa.com\/index.php?rest_route=\/wp\/v2\/product\/5912\/revisions\/5914"}],"wp:featuredmedia":[{"embeddable":true,"href":"https:\/\/atividademapa.com\/index.php?rest_route=\/wp\/v2\/media\/2326"}],"wp:attachment":[{"href":"https:\/\/atividademapa.com\/index.php?rest_route=%2Fwp%2Fv2%2Fmedia&parent=5912"}],"wp:term":[{"taxonomy":"product_brand","embeddable":true,"href":"https:\/\/atividademapa.com\/index.php?rest_route=%2Fwp%2Fv2%2Fproduct_brand&post=5912"},{"taxonomy":"product_cat","embeddable":true,"href":"https:\/\/atividademapa.com\/index.php?rest_route=%2Fwp%2Fv2%2Fproduct_cat&post=5912"},{"taxonomy":"product_tag","embeddable":true,"href":"https:\/\/atividademapa.com\/index.php?rest_route=%2Fwp%2Fv2%2Fproduct_tag&post=5912"}],"curies":[{"name":"wp","href":"https:\/\/api.w.org\/{rel}","templated":true}]}}