{"id":6217,"date":"2025-08-13T21:12:26","date_gmt":"2025-08-14T00:12:26","guid":{"rendered":"https:\/\/atividademapa.com\/?post_type=product&#038;p=6217"},"modified":"2025-08-13T21:12:27","modified_gmt":"2025-08-14T00:12:27","slug":"portfolio-gq-imersao-profissional-producao-e-metrologia","status":"publish","type":"product","link":"https:\/\/atividademapa.com\/?product=portfolio-gq-imersao-profissional-producao-e-metrologia","title":{"rendered":"Portf\u00f3lio &#8211; GQ &#8211; Imers\u00e3o Profissional &#8211; Produ\u00e7\u00e3o\u00a0e\u00a0Metrologia"},"content":{"rendered":"<p><strong>ATIVIDADE \u2013 M.A.P.A<\/strong><\/p>\n<p>Aplica\u00e7\u00f5es pr\u00e1ticas da Metrologia nos Sistemas de Produ\u00e7\u00e3o<\/p>\n<p>&nbsp;<\/p>\n<p>A produ\u00e7\u00e3o industrial \u00e9 o resultado de s\u00e9culos de evolu\u00e7\u00e3o tecnol\u00f3gica e organizacional. Desde as primeiras ferramentas rudimentares at\u00e9 os sistemas avan\u00e7ados da Ind\u00fastria 4.0, os processos de fabrica\u00e7\u00e3o foram se tornando mais complexos, exigindo maior controle, precis\u00e3o e efici\u00eancia. Para dar suporte a essa complexidade crescente, surgiram os sistemas de produ\u00e7\u00e3o \u2013 como os modelos cont\u00ednuos, em lote e sob encomenda \u2013 que organizam os fluxos de trabalho conforme a natureza e o volume da demanda.<\/p>\n<p>Paralelamente, a metrologia, entendida como a ci\u00eancia da medi\u00e7\u00e3o, tornou-se um elemento indispens\u00e1vel para garantir a qualidade dimensional e funcional dos produtos fabricados. Medir corretamente \u00e9 assegurar que pe\u00e7as encaixem, funcionem e resistam conforme o planejado. No contexto da produ\u00e7\u00e3o, isso significa integrar o conhecimento sobre processos de fabrica\u00e7\u00e3o (usinagem, fundi\u00e7\u00e3o, conforma\u00e7\u00e3o, soldagem) com os instrumentos e m\u00e9todos de medi\u00e7\u00e3o adequados, conforme exigido por cada tipo de produto e sistema produtivo.<\/p>\n<p>&nbsp;<\/p>\n<p>Fonte: adaptado de: MUZULON, N. Z.; FERRARI, T. C.; JUNKES, V. H. Imers\u00e3o profissional: produ\u00e7\u00e3o e metrologia. Maring\u00e1: UniCesumar, 2024.<\/p>\n<p>&nbsp;<\/p>\n<p>Portanto, nesta atividade, voc\u00ea \u00e9 desafiado a simular um processo de fabrica\u00e7\u00e3o com base no que foi apresentado, identificando o sistema produtivo, escolhendo o processo mais apropriado, mapeando o fluxo da produ\u00e7\u00e3o e integrando um ponto de controle metrol\u00f3gico que garanta a qualidade final.<\/p>\n<p>Assim, com base no livro de Metrologia e em pesquisas, voc\u00ea dever\u00e1 descrever um cen\u00e1rio de produ\u00e7\u00e3o e aplicar os conceitos estudados conforme orienta\u00e7\u00f5es a seguir:<\/p>\n<p><strong>ETAPA 1 \u2013 Constru\u00e7\u00e3o do Contexto<\/strong><\/p>\n<ol>\n<li>Escolha um produto industrial (ex: parafuso, chave, engrenagem, eixo, placa met\u00e1lica etc.).<\/li>\n<li>Pesquisa e descreva:<\/li>\n<\/ol>\n<p>Qual processo de fabrica\u00e7\u00e3o \u00e9 usado e seria mais adequado para esse produto?<\/p>\n<p>Qual sistema de produ\u00e7\u00e3o seria mais aplic\u00e1vel (cont\u00ednuo, em lote, sob encomenda)? Cite e explique por que o sistema de produ\u00e7\u00e3o escolhido \u00e9 o mais adequado.<\/p>\n<p>Justifique tecnicamente a sua escolha.<\/p>\n<p><strong>ETAPA 2 \u2013 Modelagem do Processo<\/strong><\/p>\n<ol start=\"3\">\n<li>Elabore um fluxograma simples (desenhado \u00e0 m\u00e3o ou digital) representando as etapas do processo de produ\u00e7\u00e3o do seu produto, desde a entrada da mat\u00e9ria-prima at\u00e9 a entrega final.<\/li>\n<li>Indique em qual etapa do processo voc\u00ea aplicaria controle metrol\u00f3gico e qual instrumento de medi\u00e7\u00e3o seria mais adequado para uso e o porqu\u00ea.<\/li>\n<\/ol>\n<p><strong>ETAPA 3 \u2013 Reflex\u00e3o<\/strong><\/p>\n<ol start=\"5\">\n<li>Com base no que voc\u00ea aprendeu e no seu produto, responda:<\/li>\n<li>a) Qual \u00e9 a import\u00e2ncia da metrologia nesse processo?<\/li>\n<li>b) Que tipo de falhas ou retrabalhos poderiam ocorrer se esse controle n\u00e3o fosse realizado corretamente?<\/li>\n<li>c) Qual instrumento de medi\u00e7\u00e3o oferece maior precis\u00e3o para pe\u00e7as met\u00e1licas pequenas? Cite e explique por que o instrumento citado oferece maior precis\u00e3o.<\/li>\n<\/ol>\n<p><strong>ETAPA 4 \u2013 Conclus\u00e3o<\/strong><\/p>\n<ol start=\"6\">\n<li>Finalize a atividade, descrevendo com uma conclus\u00e3o pessoal sobre o que voc\u00ea compreendeu na disciplina, destacando:<\/li>\n<\/ol>\n<p>A rela\u00e7\u00e3o entre produ\u00e7\u00e3o e medi\u00e7\u00e3o.<\/p>\n<p>A relev\u00e2ncia da metrologia na garantia da qualidade.<\/p>\n<p>O que mais chamou a sua aten\u00e7\u00e3o nesse exerc\u00edcio.<\/p>\n","protected":false},"excerpt":{"rendered":"<p>ATIVIDADE \u2013 M.A.P.A Aplica\u00e7\u00f5es pr\u00e1ticas da Metrologia nos Sistemas de Produ\u00e7\u00e3o &nbsp; A produ\u00e7\u00e3o industrial \u00e9 o resultado de s\u00e9culos<\/p>\n","protected":false},"featured_media":2326,"template":"","meta":{"_monsterinsights_skip_tracking":false,"_monsterinsights_sitenote_active":false,"_monsterinsights_sitenote_note":"","_monsterinsights_sitenote_category":0},"product_brand":[],"product_cat":[29],"product_tag":[],"class_list":{"0":"post-6217","1":"product","2":"type-product","3":"status-publish","4":"has-post-thumbnail","6":"product_cat-gestao-de-qualidade","8":"first","9":"instock","10":"downloadable","11":"virtual","12":"purchasable","13":"product-type-simple"},"yoast_head":"<!-- This site is optimized with the Yoast SEO plugin v27.4 - https:\/\/yoast.com\/product\/yoast-seo-wordpress\/ -->\n<title>Portf\u00f3lio - GQ - Imers\u00e3o Profissional - Produ\u00e7\u00e3o\u00a0e\u00a0Metrologia<\/title>\n<meta name=\"description\" content=\"Atividade Portf\u00f3lio - GQ - Imers\u00e3o Profissional - Produ\u00e7\u00e3o\u00a0e\u00a0Metrologia &#8902; Unicesumar. Baixe agora mesmo um Mapa Pronto resolvido!\" \/>\n<meta name=\"robots\" content=\"index, follow, max-snippet:-1, max-image-preview:large, max-video-preview:-1\" \/>\n<link rel=\"canonical\" href=\"https:\/\/atividademapa.com\/?product=portfolio-gq-imersao-profissional-producao-e-metrologia\" \/>\n<meta property=\"og:locale\" content=\"pt_BR\" \/>\n<meta property=\"og:type\" content=\"article\" \/>\n<meta property=\"og:title\" content=\"Portf\u00f3lio - GQ - Imers\u00e3o Profissional - Produ\u00e7\u00e3o\u00a0e\u00a0Metrologia\" \/>\n<meta property=\"og:description\" content=\"Atividade Portf\u00f3lio - GQ - Imers\u00e3o Profissional - Produ\u00e7\u00e3o\u00a0e\u00a0Metrologia &#8902; Unicesumar. Baixe agora mesmo um Mapa Pronto resolvido!\" \/>\n<meta property=\"og:url\" content=\"https:\/\/atividademapa.com\/?product=portfolio-gq-imersao-profissional-producao-e-metrologia\" \/>\n<meta property=\"og:site_name\" content=\"Atividade Mapa\" \/>\n<meta property=\"article:modified_time\" content=\"2025-08-14T00:12:27+00:00\" \/>\n<meta property=\"og:image\" content=\"https:\/\/i0.wp.com\/atividademapa.com\/wp-content\/uploads\/2023\/03\/Atividade-M.A.P.A-3.png?fit=300%2C300&ssl=1\" \/>\n\t<meta property=\"og:image:width\" content=\"300\" \/>\n\t<meta property=\"og:image:height\" content=\"300\" \/>\n\t<meta property=\"og:image:type\" content=\"image\/png\" \/>\n<meta name=\"twitter:card\" content=\"summary_large_image\" \/>\n<meta name=\"twitter:label1\" content=\"Est. tempo de leitura\" \/>\n\t<meta name=\"twitter:data1\" content=\"3 minutos\" \/>\n<script type=\"application\/ld+json\" class=\"yoast-schema-graph\">{\"@context\":\"https:\\\/\\\/schema.org\",\"@graph\":[{\"@type\":\"WebPage\",\"@id\":\"https:\\\/\\\/atividademapa.com\\\/?product=portfolio-gq-imersao-profissional-producao-e-metrologia\",\"url\":\"https:\\\/\\\/atividademapa.com\\\/?product=portfolio-gq-imersao-profissional-producao-e-metrologia\",\"name\":\"Portf\u00f3lio - GQ - Imers\u00e3o Profissional - Produ\u00e7\u00e3o\u00a0e\u00a0Metrologia\",\"isPartOf\":{\"@id\":\"https:\\\/\\\/atividademapa.com\\\/#website\"},\"primaryImageOfPage\":{\"@id\":\"https:\\\/\\\/atividademapa.com\\\/?product=portfolio-gq-imersao-profissional-producao-e-metrologia#primaryimage\"},\"image\":{\"@id\":\"https:\\\/\\\/atividademapa.com\\\/?product=portfolio-gq-imersao-profissional-producao-e-metrologia#primaryimage\"},\"thumbnailUrl\":\"https:\\\/\\\/i0.wp.com\\\/atividademapa.com\\\/wp-content\\\/uploads\\\/2023\\\/03\\\/Atividade-M.A.P.A-3.png?fit=300%2C300&ssl=1\",\"datePublished\":\"2025-08-14T00:12:26+00:00\",\"dateModified\":\"2025-08-14T00:12:27+00:00\",\"description\":\"Atividade Portf\u00f3lio - GQ - Imers\u00e3o Profissional - Produ\u00e7\u00e3o\u00a0e\u00a0Metrologia &#8902; Unicesumar. Baixe agora mesmo um Mapa Pronto resolvido!\",\"breadcrumb\":{\"@id\":\"https:\\\/\\\/atividademapa.com\\\/?product=portfolio-gq-imersao-profissional-producao-e-metrologia#breadcrumb\"},\"inLanguage\":\"pt-BR\",\"potentialAction\":[{\"@type\":\"ReadAction\",\"target\":[\"https:\\\/\\\/atividademapa.com\\\/?product=portfolio-gq-imersao-profissional-producao-e-metrologia\"]}]},{\"@type\":\"ImageObject\",\"inLanguage\":\"pt-BR\",\"@id\":\"https:\\\/\\\/atividademapa.com\\\/?product=portfolio-gq-imersao-profissional-producao-e-metrologia#primaryimage\",\"url\":\"https:\\\/\\\/i0.wp.com\\\/atividademapa.com\\\/wp-content\\\/uploads\\\/2023\\\/03\\\/Atividade-M.A.P.A-3.png?fit=300%2C300&ssl=1\",\"contentUrl\":\"https:\\\/\\\/i0.wp.com\\\/atividademapa.com\\\/wp-content\\\/uploads\\\/2023\\\/03\\\/Atividade-M.A.P.A-3.png?fit=300%2C300&ssl=1\",\"width\":300,\"height\":300,\"caption\":\"Mapa Unicesumar Atividade\"},{\"@type\":\"BreadcrumbList\",\"@id\":\"https:\\\/\\\/atividademapa.com\\\/?product=portfolio-gq-imersao-profissional-producao-e-metrologia#breadcrumb\",\"itemListElement\":[{\"@type\":\"ListItem\",\"position\":1,\"name\":\"In\u00edcio\",\"item\":\"https:\\\/\\\/atividademapa.com\\\/\"},{\"@type\":\"ListItem\",\"position\":2,\"name\":\"MAPAS\",\"item\":\"https:\\\/\\\/atividademapa.com\\\/?page_id=5\"},{\"@type\":\"ListItem\",\"position\":3,\"name\":\"Portf\u00f3lio &#8211; GQ &#8211; Imers\u00e3o Profissional &#8211; Produ\u00e7\u00e3o\u00a0e\u00a0Metrologia\"}]},{\"@type\":\"WebSite\",\"@id\":\"https:\\\/\\\/atividademapa.com\\\/#website\",\"url\":\"https:\\\/\\\/atividademapa.com\\\/\",\"name\":\"Atividade Mapa\",\"description\":\"StudeO | Unicesumar\",\"publisher\":{\"@id\":\"https:\\\/\\\/atividademapa.com\\\/#organization\"},\"potentialAction\":[{\"@type\":\"SearchAction\",\"target\":{\"@type\":\"EntryPoint\",\"urlTemplate\":\"https:\\\/\\\/atividademapa.com\\\/?s={search_term_string}\"},\"query-input\":{\"@type\":\"PropertyValueSpecification\",\"valueRequired\":true,\"valueName\":\"search_term_string\"}}],\"inLanguage\":\"pt-BR\"},{\"@type\":\"Organization\",\"@id\":\"https:\\\/\\\/atividademapa.com\\\/#organization\",\"name\":\"Atividade MAPA\",\"url\":\"https:\\\/\\\/atividademapa.com\\\/\",\"logo\":{\"@type\":\"ImageObject\",\"inLanguage\":\"pt-BR\",\"@id\":\"https:\\\/\\\/atividademapa.com\\\/#\\\/schema\\\/logo\\\/image\\\/\",\"url\":\"https:\\\/\\\/i0.wp.com\\\/atividademapa.com\\\/wp-content\\\/uploads\\\/2023\\\/02\\\/ATIVIDADE.png?fit=600%2C300&ssl=1\",\"contentUrl\":\"https:\\\/\\\/i0.wp.com\\\/atividademapa.com\\\/wp-content\\\/uploads\\\/2023\\\/02\\\/ATIVIDADE.png?fit=600%2C300&ssl=1\",\"width\":600,\"height\":300,\"caption\":\"Atividade MAPA\"},\"image\":{\"@id\":\"https:\\\/\\\/atividademapa.com\\\/#\\\/schema\\\/logo\\\/image\\\/\"}}]}<\/script>\n<!-- \/ Yoast SEO plugin. -->","yoast_head_json":{"title":"Portf\u00f3lio - GQ - Imers\u00e3o Profissional - Produ\u00e7\u00e3o\u00a0e\u00a0Metrologia","description":"Atividade Portf\u00f3lio - GQ - Imers\u00e3o Profissional - Produ\u00e7\u00e3o\u00a0e\u00a0Metrologia &#8902; Unicesumar. Baixe agora mesmo um Mapa Pronto resolvido!","robots":{"index":"index","follow":"follow","max-snippet":"max-snippet:-1","max-image-preview":"max-image-preview:large","max-video-preview":"max-video-preview:-1"},"canonical":"https:\/\/atividademapa.com\/?product=portfolio-gq-imersao-profissional-producao-e-metrologia","og_locale":"pt_BR","og_type":"article","og_title":"Portf\u00f3lio - GQ - Imers\u00e3o Profissional - Produ\u00e7\u00e3o\u00a0e\u00a0Metrologia","og_description":"Atividade Portf\u00f3lio - GQ - Imers\u00e3o Profissional - Produ\u00e7\u00e3o\u00a0e\u00a0Metrologia &#8902; Unicesumar. Baixe agora mesmo um Mapa Pronto resolvido!","og_url":"https:\/\/atividademapa.com\/?product=portfolio-gq-imersao-profissional-producao-e-metrologia","og_site_name":"Atividade Mapa","article_modified_time":"2025-08-14T00:12:27+00:00","og_image":[{"width":300,"height":300,"url":"https:\/\/i0.wp.com\/atividademapa.com\/wp-content\/uploads\/2023\/03\/Atividade-M.A.P.A-3.png?fit=300%2C300&ssl=1","type":"image\/png"}],"twitter_card":"summary_large_image","twitter_misc":{"Est. tempo de leitura":"3 minutos"},"schema":{"@context":"https:\/\/schema.org","@graph":[{"@type":"WebPage","@id":"https:\/\/atividademapa.com\/?product=portfolio-gq-imersao-profissional-producao-e-metrologia","url":"https:\/\/atividademapa.com\/?product=portfolio-gq-imersao-profissional-producao-e-metrologia","name":"Portf\u00f3lio - GQ - Imers\u00e3o Profissional - Produ\u00e7\u00e3o\u00a0e\u00a0Metrologia","isPartOf":{"@id":"https:\/\/atividademapa.com\/#website"},"primaryImageOfPage":{"@id":"https:\/\/atividademapa.com\/?product=portfolio-gq-imersao-profissional-producao-e-metrologia#primaryimage"},"image":{"@id":"https:\/\/atividademapa.com\/?product=portfolio-gq-imersao-profissional-producao-e-metrologia#primaryimage"},"thumbnailUrl":"https:\/\/i0.wp.com\/atividademapa.com\/wp-content\/uploads\/2023\/03\/Atividade-M.A.P.A-3.png?fit=300%2C300&ssl=1","datePublished":"2025-08-14T00:12:26+00:00","dateModified":"2025-08-14T00:12:27+00:00","description":"Atividade Portf\u00f3lio - GQ - Imers\u00e3o Profissional - Produ\u00e7\u00e3o\u00a0e\u00a0Metrologia &#8902; Unicesumar. Baixe agora mesmo um Mapa Pronto resolvido!","breadcrumb":{"@id":"https:\/\/atividademapa.com\/?product=portfolio-gq-imersao-profissional-producao-e-metrologia#breadcrumb"},"inLanguage":"pt-BR","potentialAction":[{"@type":"ReadAction","target":["https:\/\/atividademapa.com\/?product=portfolio-gq-imersao-profissional-producao-e-metrologia"]}]},{"@type":"ImageObject","inLanguage":"pt-BR","@id":"https:\/\/atividademapa.com\/?product=portfolio-gq-imersao-profissional-producao-e-metrologia#primaryimage","url":"https:\/\/i0.wp.com\/atividademapa.com\/wp-content\/uploads\/2023\/03\/Atividade-M.A.P.A-3.png?fit=300%2C300&ssl=1","contentUrl":"https:\/\/i0.wp.com\/atividademapa.com\/wp-content\/uploads\/2023\/03\/Atividade-M.A.P.A-3.png?fit=300%2C300&ssl=1","width":300,"height":300,"caption":"Mapa Unicesumar Atividade"},{"@type":"BreadcrumbList","@id":"https:\/\/atividademapa.com\/?product=portfolio-gq-imersao-profissional-producao-e-metrologia#breadcrumb","itemListElement":[{"@type":"ListItem","position":1,"name":"In\u00edcio","item":"https:\/\/atividademapa.com\/"},{"@type":"ListItem","position":2,"name":"MAPAS","item":"https:\/\/atividademapa.com\/?page_id=5"},{"@type":"ListItem","position":3,"name":"Portf\u00f3lio &#8211; GQ &#8211; Imers\u00e3o Profissional &#8211; Produ\u00e7\u00e3o\u00a0e\u00a0Metrologia"}]},{"@type":"WebSite","@id":"https:\/\/atividademapa.com\/#website","url":"https:\/\/atividademapa.com\/","name":"Atividade Mapa","description":"StudeO | Unicesumar","publisher":{"@id":"https:\/\/atividademapa.com\/#organization"},"potentialAction":[{"@type":"SearchAction","target":{"@type":"EntryPoint","urlTemplate":"https:\/\/atividademapa.com\/?s={search_term_string}"},"query-input":{"@type":"PropertyValueSpecification","valueRequired":true,"valueName":"search_term_string"}}],"inLanguage":"pt-BR"},{"@type":"Organization","@id":"https:\/\/atividademapa.com\/#organization","name":"Atividade MAPA","url":"https:\/\/atividademapa.com\/","logo":{"@type":"ImageObject","inLanguage":"pt-BR","@id":"https:\/\/atividademapa.com\/#\/schema\/logo\/image\/","url":"https:\/\/i0.wp.com\/atividademapa.com\/wp-content\/uploads\/2023\/02\/ATIVIDADE.png?fit=600%2C300&ssl=1","contentUrl":"https:\/\/i0.wp.com\/atividademapa.com\/wp-content\/uploads\/2023\/02\/ATIVIDADE.png?fit=600%2C300&ssl=1","width":600,"height":300,"caption":"Atividade MAPA"},"image":{"@id":"https:\/\/atividademapa.com\/#\/schema\/logo\/image\/"}}]}},"_links":{"self":[{"href":"https:\/\/atividademapa.com\/index.php?rest_route=\/wp\/v2\/product\/6217","targetHints":{"allow":["GET"]}}],"collection":[{"href":"https:\/\/atividademapa.com\/index.php?rest_route=\/wp\/v2\/product"}],"about":[{"href":"https:\/\/atividademapa.com\/index.php?rest_route=\/wp\/v2\/types\/product"}],"version-history":[{"count":1,"href":"https:\/\/atividademapa.com\/index.php?rest_route=\/wp\/v2\/product\/6217\/revisions"}],"predecessor-version":[{"id":6219,"href":"https:\/\/atividademapa.com\/index.php?rest_route=\/wp\/v2\/product\/6217\/revisions\/6219"}],"wp:featuredmedia":[{"embeddable":true,"href":"https:\/\/atividademapa.com\/index.php?rest_route=\/wp\/v2\/media\/2326"}],"wp:attachment":[{"href":"https:\/\/atividademapa.com\/index.php?rest_route=%2Fwp%2Fv2%2Fmedia&parent=6217"}],"wp:term":[{"taxonomy":"product_brand","embeddable":true,"href":"https:\/\/atividademapa.com\/index.php?rest_route=%2Fwp%2Fv2%2Fproduct_brand&post=6217"},{"taxonomy":"product_cat","embeddable":true,"href":"https:\/\/atividademapa.com\/index.php?rest_route=%2Fwp%2Fv2%2Fproduct_cat&post=6217"},{"taxonomy":"product_tag","embeddable":true,"href":"https:\/\/atividademapa.com\/index.php?rest_route=%2Fwp%2Fv2%2Fproduct_tag&post=6217"}],"curies":[{"name":"wp","href":"https:\/\/api.w.org\/{rel}","templated":true}]}}