{"id":6300,"date":"2025-09-09T20:59:09","date_gmt":"2025-09-09T23:59:09","guid":{"rendered":"https:\/\/atividademapa.com\/?post_type=product&#038;p=6300"},"modified":"2025-09-09T20:59:10","modified_gmt":"2025-09-09T23:59:10","slug":"mapa-ped-teoria-e-pratica-na-educacao-infantil-53_2025","status":"publish","type":"product","link":"https:\/\/atividademapa.com\/?product=mapa-ped-teoria-e-pratica-na-educacao-infantil-53_2025","title":{"rendered":"MAPA &#8211; PED &#8211; TEORIA E PR\u00c1TICA NA EDUCA\u00c7\u00c3O INFANTIL\u00a0&#8211;\u00a053_2025"},"content":{"rendered":"<p>Segundo a Base Nacional Comum Curricular (BNCC), na Educa\u00e7\u00e3o Infantil, a intera\u00e7\u00e3o e a brincadeira s\u00e3o os eixos que estruturam as aprendizagens e o desenvolvimento das crian\u00e7as, o que garante os direitos de conviver, brincar, participar, explorar, expressar-se e conhecer-se. O brincar deve estar presente em espa\u00e7os e tempos diversos, em uma variedade de formas, na intera\u00e7\u00e3o com crian\u00e7as e adultos, para que as crian\u00e7as aumentem suas \u201cprodu\u00e7\u00f5es culturais, seus conhecimentos, sua imagina\u00e7\u00e3o, sua criatividade, suas experi\u00eancias emocionais, corporais, sensoriais, expressivas, cognitivas, sociais e relacionais\u201d (BRASIL, 2018, p. 38).<\/p>\n<p>A organiza\u00e7\u00e3o do curr\u00edculo desta etapa da educa\u00e7\u00e3o na BNCC \u00e9 estruturada em cinco campos de experi\u00eancias, a partir dos quais s\u00e3o definidos os objetivos de aprendizagem e desenvolvimento. Um dos campos de experi\u00eancia trazido pela organiza\u00e7\u00e3o curricular da Educa\u00e7\u00e3o Infantil na BNCC \u00e9 o \u201ccorpo, gestos e movimentos\u201d, no qual, por meio da ludicidade e da intera\u00e7\u00e3o, a crian\u00e7a deve ter a possibilidade de explorar e experienciar sons, gestos, movimentos e m\u00edmica com o corpo para se perceber no espa\u00e7o.<\/p>\n<p>Fonte: BRASIL. Minist\u00e9rio da Educa\u00e7\u00e3o. Base Nacional Comum Curricular. Bras\u00edlia, DF: MEC, 2018. Dispon\u00edvel em: https:\/\/basenacionalcomum.mec.gov.br. Acesso em: 3 jan. 2024.<\/p>\n<p>A partir disso, imagine que voc\u00ea trabalha como regente de uma turma em uma creche, com crian\u00e7as bem pequenas (1 ano e 7 meses a 3 anos e 11 meses) e elaborar\u00e1 uma brincadeira, buscando alcan\u00e7ar um dos objetivos de aprendizagem e desenvolvimento que comp\u00f5em o campo de experi\u00eancia \u201ccorpo, gestos e movimentos\u201d. Para desenvolver sua atividade, voc\u00ea considerar\u00e1 os seguintes aspectos:<\/p>\n<p>1) Cite o objetivo de aprendizagem e desenvolvimento (conforme a faixa et\u00e1ria) que pretende alcan\u00e7ar com a brincadeira (copie como est\u00e1 na BNCC).<br \/>\n2) Escreva o nome da brincadeira, o espa\u00e7o no qual ela ocorrer\u00e1 e a sua dura\u00e7\u00e3o.<br \/>\n3) Escreva quais materiais ser\u00e3o utilizados para realizar a brincadeira.<br \/>\n4) Escreva como ser\u00e1 o desenvolvimento da brincadeira.<br \/>\n5) Escreva qual ser\u00e1 a interven\u00e7\u00e3o pedag\u00f3gica (orientar, conversar, levar a criar hip\u00f3teses etc.).<br \/>\n6) Escreva qual ser\u00e1 a forma de registro da brincadeira (desenho, fotografia, colagem, relat\u00f3rio etc.).<br \/>\n7) Escreva um texto dissertativo (m\u00ednimo 15 e m\u00e1ximo 25 linhas) justificando a import\u00e2ncia do brincar para o desenvolvimento infantil. Utilize duas refer\u00eancias (livro da disciplina, artigos, disserta\u00e7\u00f5es, teses) para embasar seu texto (utilize uma cita\u00e7\u00e3o direta e outra indireta).<\/p>\n<p>OBSERVA\u00c7\u00d5ES:<\/p>\n<p>\u2014 Aten\u00e7\u00e3o ao enviar a atividade, certifique-se de que est\u00e1 enviando o arquivo correto.\u200b O arquivo deve ser enviado UMA \u00daNICA VEZ.<br \/>\n\u2014 Voc\u00ea n\u00e3o precisa aplicar a brincadeira com uma crian\u00e7a. Voc\u00ea apresentar\u00e1 apenas o planejamento.<br \/>\n\u2014 Utilize o formul\u00e1rio padr\u00e3o dispon\u00edvel no Material da Disciplina.<br \/>\n\u2014 Utilize a letra Arial, tamanho 12, com espa\u00e7amento 1,5 e alinhamento justificado.<br \/>\n\u2014 Utilize as normas da ABNT para escrever seu texto dissertativo. Esteja atento \u00e0s regras para as cita\u00e7\u00f5es diretas e indiretas e para as refer\u00eancias (acesse a sala do caf\u00e9 para assistir ao v\u00eddeo explicativo, de como realizar cita\u00e7\u00f5es e refer\u00eancias, conforme as normas\u00a0da\u00a0ABNT).<\/p>\n","protected":false},"excerpt":{"rendered":"<p>Segundo a Base Nacional Comum Curricular (BNCC), na Educa\u00e7\u00e3o Infantil, a intera\u00e7\u00e3o e a brincadeira s\u00e3o os eixos que estruturam<\/p>\n","protected":false},"featured_media":2326,"template":"","meta":{"_monsterinsights_skip_tracking":false,"_monsterinsights_sitenote_active":false,"_monsterinsights_sitenote_note":"","_monsterinsights_sitenote_category":0},"product_brand":[],"product_cat":[30],"product_tag":[],"class_list":{"0":"post-6300","1":"product","2":"type-product","3":"status-publish","4":"has-post-thumbnail","6":"product_cat-pedagogia","8":"first","9":"instock","10":"downloadable","11":"virtual","12":"purchasable","13":"product-type-simple"},"yoast_head":"<!-- This site is optimized with the Yoast SEO plugin v27.4 - https:\/\/yoast.com\/product\/yoast-seo-wordpress\/ -->\n<title>MAPA - PED - TEORIA E PR\u00c1TICA NA EDUCA\u00c7\u00c3O INFANTIL\u00a0-\u00a053_2025<\/title>\n<meta name=\"description\" content=\"Atividade MAPA - PED - TEORIA E PR\u00c1TICA NA EDUCA\u00c7\u00c3O INFANTIL\u00a0-\u00a053_2025 &#8902; Unicesumar. Baixe agora mesmo um Mapa Pronto resolvido!\" \/>\n<meta name=\"robots\" content=\"index, follow, max-snippet:-1, max-image-preview:large, max-video-preview:-1\" \/>\n<link rel=\"canonical\" href=\"https:\/\/atividademapa.com\/?product=mapa-ped-teoria-e-pratica-na-educacao-infantil-53_2025\" \/>\n<meta property=\"og:locale\" content=\"pt_BR\" \/>\n<meta property=\"og:type\" content=\"article\" \/>\n<meta property=\"og:title\" content=\"MAPA - PED - TEORIA E PR\u00c1TICA NA EDUCA\u00c7\u00c3O INFANTIL\u00a0-\u00a053_2025\" \/>\n<meta property=\"og:description\" content=\"Atividade MAPA - PED - TEORIA E PR\u00c1TICA NA EDUCA\u00c7\u00c3O INFANTIL\u00a0-\u00a053_2025 &#8902; Unicesumar. Baixe agora mesmo um Mapa Pronto resolvido!\" \/>\n<meta property=\"og:url\" content=\"https:\/\/atividademapa.com\/?product=mapa-ped-teoria-e-pratica-na-educacao-infantil-53_2025\" \/>\n<meta property=\"og:site_name\" content=\"Atividade Mapa\" \/>\n<meta property=\"article:modified_time\" content=\"2025-09-09T23:59:10+00:00\" \/>\n<meta property=\"og:image\" content=\"https:\/\/i0.wp.com\/atividademapa.com\/wp-content\/uploads\/2023\/03\/Atividade-M.A.P.A-3.png?fit=300%2C300&ssl=1\" \/>\n\t<meta property=\"og:image:width\" content=\"300\" \/>\n\t<meta property=\"og:image:height\" content=\"300\" \/>\n\t<meta property=\"og:image:type\" content=\"image\/png\" \/>\n<meta name=\"twitter:card\" content=\"summary_large_image\" \/>\n<meta name=\"twitter:label1\" content=\"Est. tempo de leitura\" \/>\n\t<meta name=\"twitter:data1\" content=\"3 minutos\" \/>\n<script type=\"application\/ld+json\" class=\"yoast-schema-graph\">{\"@context\":\"https:\\\/\\\/schema.org\",\"@graph\":[{\"@type\":\"WebPage\",\"@id\":\"https:\\\/\\\/atividademapa.com\\\/?product=mapa-ped-teoria-e-pratica-na-educacao-infantil-53_2025\",\"url\":\"https:\\\/\\\/atividademapa.com\\\/?product=mapa-ped-teoria-e-pratica-na-educacao-infantil-53_2025\",\"name\":\"MAPA - PED - TEORIA E PR\u00c1TICA NA EDUCA\u00c7\u00c3O INFANTIL\u00a0-\u00a053_2025\",\"isPartOf\":{\"@id\":\"https:\\\/\\\/atividademapa.com\\\/#website\"},\"primaryImageOfPage\":{\"@id\":\"https:\\\/\\\/atividademapa.com\\\/?product=mapa-ped-teoria-e-pratica-na-educacao-infantil-53_2025#primaryimage\"},\"image\":{\"@id\":\"https:\\\/\\\/atividademapa.com\\\/?product=mapa-ped-teoria-e-pratica-na-educacao-infantil-53_2025#primaryimage\"},\"thumbnailUrl\":\"https:\\\/\\\/i0.wp.com\\\/atividademapa.com\\\/wp-content\\\/uploads\\\/2023\\\/03\\\/Atividade-M.A.P.A-3.png?fit=300%2C300&ssl=1\",\"datePublished\":\"2025-09-09T23:59:09+00:00\",\"dateModified\":\"2025-09-09T23:59:10+00:00\",\"description\":\"Atividade MAPA - PED - TEORIA E PR\u00c1TICA NA EDUCA\u00c7\u00c3O INFANTIL\u00a0-\u00a053_2025 &#8902; Unicesumar. Baixe agora mesmo um Mapa Pronto resolvido!\",\"breadcrumb\":{\"@id\":\"https:\\\/\\\/atividademapa.com\\\/?product=mapa-ped-teoria-e-pratica-na-educacao-infantil-53_2025#breadcrumb\"},\"inLanguage\":\"pt-BR\",\"potentialAction\":[{\"@type\":\"ReadAction\",\"target\":[\"https:\\\/\\\/atividademapa.com\\\/?product=mapa-ped-teoria-e-pratica-na-educacao-infantil-53_2025\"]}]},{\"@type\":\"ImageObject\",\"inLanguage\":\"pt-BR\",\"@id\":\"https:\\\/\\\/atividademapa.com\\\/?product=mapa-ped-teoria-e-pratica-na-educacao-infantil-53_2025#primaryimage\",\"url\":\"https:\\\/\\\/i0.wp.com\\\/atividademapa.com\\\/wp-content\\\/uploads\\\/2023\\\/03\\\/Atividade-M.A.P.A-3.png?fit=300%2C300&ssl=1\",\"contentUrl\":\"https:\\\/\\\/i0.wp.com\\\/atividademapa.com\\\/wp-content\\\/uploads\\\/2023\\\/03\\\/Atividade-M.A.P.A-3.png?fit=300%2C300&ssl=1\",\"width\":300,\"height\":300,\"caption\":\"Mapa Unicesumar Atividade\"},{\"@type\":\"BreadcrumbList\",\"@id\":\"https:\\\/\\\/atividademapa.com\\\/?product=mapa-ped-teoria-e-pratica-na-educacao-infantil-53_2025#breadcrumb\",\"itemListElement\":[{\"@type\":\"ListItem\",\"position\":1,\"name\":\"In\u00edcio\",\"item\":\"https:\\\/\\\/atividademapa.com\\\/\"},{\"@type\":\"ListItem\",\"position\":2,\"name\":\"MAPAS\",\"item\":\"https:\\\/\\\/atividademapa.com\\\/?page_id=5\"},{\"@type\":\"ListItem\",\"position\":3,\"name\":\"MAPA &#8211; PED &#8211; TEORIA E PR\u00c1TICA NA EDUCA\u00c7\u00c3O INFANTIL\u00a0&#8211;\u00a053_2025\"}]},{\"@type\":\"WebSite\",\"@id\":\"https:\\\/\\\/atividademapa.com\\\/#website\",\"url\":\"https:\\\/\\\/atividademapa.com\\\/\",\"name\":\"Atividade Mapa\",\"description\":\"StudeO | Unicesumar\",\"publisher\":{\"@id\":\"https:\\\/\\\/atividademapa.com\\\/#organization\"},\"potentialAction\":[{\"@type\":\"SearchAction\",\"target\":{\"@type\":\"EntryPoint\",\"urlTemplate\":\"https:\\\/\\\/atividademapa.com\\\/?s={search_term_string}\"},\"query-input\":{\"@type\":\"PropertyValueSpecification\",\"valueRequired\":true,\"valueName\":\"search_term_string\"}}],\"inLanguage\":\"pt-BR\"},{\"@type\":\"Organization\",\"@id\":\"https:\\\/\\\/atividademapa.com\\\/#organization\",\"name\":\"Atividade MAPA\",\"url\":\"https:\\\/\\\/atividademapa.com\\\/\",\"logo\":{\"@type\":\"ImageObject\",\"inLanguage\":\"pt-BR\",\"@id\":\"https:\\\/\\\/atividademapa.com\\\/#\\\/schema\\\/logo\\\/image\\\/\",\"url\":\"https:\\\/\\\/i0.wp.com\\\/atividademapa.com\\\/wp-content\\\/uploads\\\/2023\\\/02\\\/ATIVIDADE.png?fit=600%2C300&ssl=1\",\"contentUrl\":\"https:\\\/\\\/i0.wp.com\\\/atividademapa.com\\\/wp-content\\\/uploads\\\/2023\\\/02\\\/ATIVIDADE.png?fit=600%2C300&ssl=1\",\"width\":600,\"height\":300,\"caption\":\"Atividade MAPA\"},\"image\":{\"@id\":\"https:\\\/\\\/atividademapa.com\\\/#\\\/schema\\\/logo\\\/image\\\/\"}}]}<\/script>\n<!-- \/ Yoast SEO plugin. -->","yoast_head_json":{"title":"MAPA - PED - TEORIA E PR\u00c1TICA NA EDUCA\u00c7\u00c3O INFANTIL\u00a0-\u00a053_2025","description":"Atividade MAPA - PED - TEORIA E PR\u00c1TICA NA EDUCA\u00c7\u00c3O INFANTIL\u00a0-\u00a053_2025 &#8902; Unicesumar. Baixe agora mesmo um Mapa Pronto resolvido!","robots":{"index":"index","follow":"follow","max-snippet":"max-snippet:-1","max-image-preview":"max-image-preview:large","max-video-preview":"max-video-preview:-1"},"canonical":"https:\/\/atividademapa.com\/?product=mapa-ped-teoria-e-pratica-na-educacao-infantil-53_2025","og_locale":"pt_BR","og_type":"article","og_title":"MAPA - PED - TEORIA E PR\u00c1TICA NA EDUCA\u00c7\u00c3O INFANTIL\u00a0-\u00a053_2025","og_description":"Atividade MAPA - PED - TEORIA E PR\u00c1TICA NA EDUCA\u00c7\u00c3O INFANTIL\u00a0-\u00a053_2025 &#8902; Unicesumar. Baixe agora mesmo um Mapa Pronto resolvido!","og_url":"https:\/\/atividademapa.com\/?product=mapa-ped-teoria-e-pratica-na-educacao-infantil-53_2025","og_site_name":"Atividade Mapa","article_modified_time":"2025-09-09T23:59:10+00:00","og_image":[{"width":300,"height":300,"url":"https:\/\/i0.wp.com\/atividademapa.com\/wp-content\/uploads\/2023\/03\/Atividade-M.A.P.A-3.png?fit=300%2C300&ssl=1","type":"image\/png"}],"twitter_card":"summary_large_image","twitter_misc":{"Est. tempo de leitura":"3 minutos"},"schema":{"@context":"https:\/\/schema.org","@graph":[{"@type":"WebPage","@id":"https:\/\/atividademapa.com\/?product=mapa-ped-teoria-e-pratica-na-educacao-infantil-53_2025","url":"https:\/\/atividademapa.com\/?product=mapa-ped-teoria-e-pratica-na-educacao-infantil-53_2025","name":"MAPA - PED - TEORIA E PR\u00c1TICA NA EDUCA\u00c7\u00c3O INFANTIL\u00a0-\u00a053_2025","isPartOf":{"@id":"https:\/\/atividademapa.com\/#website"},"primaryImageOfPage":{"@id":"https:\/\/atividademapa.com\/?product=mapa-ped-teoria-e-pratica-na-educacao-infantil-53_2025#primaryimage"},"image":{"@id":"https:\/\/atividademapa.com\/?product=mapa-ped-teoria-e-pratica-na-educacao-infantil-53_2025#primaryimage"},"thumbnailUrl":"https:\/\/i0.wp.com\/atividademapa.com\/wp-content\/uploads\/2023\/03\/Atividade-M.A.P.A-3.png?fit=300%2C300&ssl=1","datePublished":"2025-09-09T23:59:09+00:00","dateModified":"2025-09-09T23:59:10+00:00","description":"Atividade MAPA - PED - TEORIA E PR\u00c1TICA NA EDUCA\u00c7\u00c3O INFANTIL\u00a0-\u00a053_2025 &#8902; Unicesumar. Baixe agora mesmo um Mapa Pronto resolvido!","breadcrumb":{"@id":"https:\/\/atividademapa.com\/?product=mapa-ped-teoria-e-pratica-na-educacao-infantil-53_2025#breadcrumb"},"inLanguage":"pt-BR","potentialAction":[{"@type":"ReadAction","target":["https:\/\/atividademapa.com\/?product=mapa-ped-teoria-e-pratica-na-educacao-infantil-53_2025"]}]},{"@type":"ImageObject","inLanguage":"pt-BR","@id":"https:\/\/atividademapa.com\/?product=mapa-ped-teoria-e-pratica-na-educacao-infantil-53_2025#primaryimage","url":"https:\/\/i0.wp.com\/atividademapa.com\/wp-content\/uploads\/2023\/03\/Atividade-M.A.P.A-3.png?fit=300%2C300&ssl=1","contentUrl":"https:\/\/i0.wp.com\/atividademapa.com\/wp-content\/uploads\/2023\/03\/Atividade-M.A.P.A-3.png?fit=300%2C300&ssl=1","width":300,"height":300,"caption":"Mapa Unicesumar Atividade"},{"@type":"BreadcrumbList","@id":"https:\/\/atividademapa.com\/?product=mapa-ped-teoria-e-pratica-na-educacao-infantil-53_2025#breadcrumb","itemListElement":[{"@type":"ListItem","position":1,"name":"In\u00edcio","item":"https:\/\/atividademapa.com\/"},{"@type":"ListItem","position":2,"name":"MAPAS","item":"https:\/\/atividademapa.com\/?page_id=5"},{"@type":"ListItem","position":3,"name":"MAPA &#8211; PED &#8211; TEORIA E PR\u00c1TICA NA EDUCA\u00c7\u00c3O INFANTIL\u00a0&#8211;\u00a053_2025"}]},{"@type":"WebSite","@id":"https:\/\/atividademapa.com\/#website","url":"https:\/\/atividademapa.com\/","name":"Atividade Mapa","description":"StudeO | Unicesumar","publisher":{"@id":"https:\/\/atividademapa.com\/#organization"},"potentialAction":[{"@type":"SearchAction","target":{"@type":"EntryPoint","urlTemplate":"https:\/\/atividademapa.com\/?s={search_term_string}"},"query-input":{"@type":"PropertyValueSpecification","valueRequired":true,"valueName":"search_term_string"}}],"inLanguage":"pt-BR"},{"@type":"Organization","@id":"https:\/\/atividademapa.com\/#organization","name":"Atividade MAPA","url":"https:\/\/atividademapa.com\/","logo":{"@type":"ImageObject","inLanguage":"pt-BR","@id":"https:\/\/atividademapa.com\/#\/schema\/logo\/image\/","url":"https:\/\/i0.wp.com\/atividademapa.com\/wp-content\/uploads\/2023\/02\/ATIVIDADE.png?fit=600%2C300&ssl=1","contentUrl":"https:\/\/i0.wp.com\/atividademapa.com\/wp-content\/uploads\/2023\/02\/ATIVIDADE.png?fit=600%2C300&ssl=1","width":600,"height":300,"caption":"Atividade MAPA"},"image":{"@id":"https:\/\/atividademapa.com\/#\/schema\/logo\/image\/"}}]}},"_links":{"self":[{"href":"https:\/\/atividademapa.com\/index.php?rest_route=\/wp\/v2\/product\/6300","targetHints":{"allow":["GET"]}}],"collection":[{"href":"https:\/\/atividademapa.com\/index.php?rest_route=\/wp\/v2\/product"}],"about":[{"href":"https:\/\/atividademapa.com\/index.php?rest_route=\/wp\/v2\/types\/product"}],"version-history":[{"count":1,"href":"https:\/\/atividademapa.com\/index.php?rest_route=\/wp\/v2\/product\/6300\/revisions"}],"predecessor-version":[{"id":6302,"href":"https:\/\/atividademapa.com\/index.php?rest_route=\/wp\/v2\/product\/6300\/revisions\/6302"}],"wp:featuredmedia":[{"embeddable":true,"href":"https:\/\/atividademapa.com\/index.php?rest_route=\/wp\/v2\/media\/2326"}],"wp:attachment":[{"href":"https:\/\/atividademapa.com\/index.php?rest_route=%2Fwp%2Fv2%2Fmedia&parent=6300"}],"wp:term":[{"taxonomy":"product_brand","embeddable":true,"href":"https:\/\/atividademapa.com\/index.php?rest_route=%2Fwp%2Fv2%2Fproduct_brand&post=6300"},{"taxonomy":"product_cat","embeddable":true,"href":"https:\/\/atividademapa.com\/index.php?rest_route=%2Fwp%2Fv2%2Fproduct_cat&post=6300"},{"taxonomy":"product_tag","embeddable":true,"href":"https:\/\/atividademapa.com\/index.php?rest_route=%2Fwp%2Fv2%2Fproduct_tag&post=6300"}],"curies":[{"name":"wp","href":"https:\/\/api.w.org\/{rel}","templated":true}]}}