{"id":6303,"date":"2025-09-09T21:03:56","date_gmt":"2025-09-10T00:03:56","guid":{"rendered":"https:\/\/atividademapa.com\/?post_type=product&#038;p=6303"},"modified":"2025-09-09T21:03:57","modified_gmt":"2025-09-10T00:03:57","slug":"mapa-auditoria-contabil-53-2025","status":"publish","type":"product","link":"https:\/\/atividademapa.com\/?product=mapa-auditoria-contabil-53-2025","title":{"rendered":"MAPA &#8211; Auditoria Cont\u00e1bil &#8211; 53\/2025"},"content":{"rendered":"<p>Na atividade MAPA, da disciplina de Auditoria Cont\u00e1bil, aplicaremos os conhecimentos relativos aos conceitos de Controle Interno, Riscos de Auditoria e Procedimentos de Auditoria, os quais s\u00e3o fundamentais para a atua\u00e7\u00e3o do auditor cont\u00e1bil. Quest\u00f5es baseadas na Unidade 3 do livro da disciplina.<\/p>\n<p>Caso hipot\u00e9tico: Imagine voc\u00ea, Auditor Independente, contratado para realizar a auditoria das demonstra\u00e7\u00f5es cont\u00e1beis da empresa Avalia Ltda, referente ao exerc\u00edcio social encerrado em 31\/12\/20X1.<br \/>\nDurante a an\u00e1lise do setor financeiro, percebeu que os controles internos relacionados aos receb\u00edveis (contas a receber) n\u00e3o est\u00e3o bem estruturados, uma vez que a empresa n\u00e3o realiza confer\u00eancias peri\u00f3dicas dos saldos, n\u00e3o mant\u00e9m controle formal da inadimpl\u00eancia e ainda possui registros manuais paralelos ao sistema cont\u00e1bil.<br \/>\nAinda, durante os trabalhos, identificou-se que um cliente, com saldo relevante no contas a receber, n\u00e3o reconhece o valor que a empresa afirma ter como pendente, indicando uma poss\u00edvel diverg\u00eancia nas demonstra\u00e7\u00f5es cont\u00e1beis.<br \/>\nSegundo Almeida (2019), controles internos eficientes s\u00e3o fundamentais para garantir a fidedignidade das informa\u00e7\u00f5es cont\u00e1beis e proteger os ativos da organiza\u00e7\u00e3o. A aus\u00eancia desses controles aumenta os riscos de distor\u00e7\u00f5es nas demonstra\u00e7\u00f5es cont\u00e1beis, exigindo que o auditor execute procedimentos mais rigorosos (NBC TA 330, CFC, 2016).<\/p>\n<p>Fonte:<br \/>\nALMEIDA, M. C. Auditoria: um curso moderno e completo. 9. ed. S\u00e3o Paulo: Atlas, 2019.<br \/>\nALMEIDA, R. G. de. Auditoria Cont\u00e1bil. Maring\u00e1\/PR: Unicesumar, 2021.<br \/>\nATTIE, W. Auditoria: conceitos e aplica\u00e7\u00f5es. 7. ed. S\u00e3o Paulo: Atlas, 2018.<br \/>\nCREPALDI, S. A.; CREPALDI, A. R. Auditoria Cont\u00e1bil: teoria e pr\u00e1tica. 4. ed. S\u00e3o Paulo: Grupo GEN, 2019.<\/p>\n<p>CFC. NBC TA 265 \u2013 Comunica\u00e7\u00e3o de Defici\u00eancias de Controle Interno. Bras\u00edlia: CFC, 2009.<br \/>\nCFC. NBC TA 315 (R1) \u2013 Identifica\u00e7\u00e3o e Avalia\u00e7\u00e3o dos Riscos de Distor\u00e7\u00e3o Relevante por meio do Entendimento da Entidade e do seu Ambiente. Bras\u00edlia: CFC, 2016.<br \/>\nCFC. NBC TA 330 (R1) \u2013 Resposta do Auditor aos Riscos Avaliados. Bras\u00edlia: CFC, 2016.<br \/>\nCFC. NBC TA 500 (R1) \u2013 Evid\u00eancia de Auditoria. Bras\u00edlia: CFC, 2016.<\/p>\n<p>QUEST\u00c3O 1) \u200bVisando aplicar os conhecimentos obtidos at\u00e9 essa etapa do Ciclo de Aprendizagem e para a resolu\u00e7\u00e3o da Atividade Avaliativa MAPA da Auditoria Cont\u00e1bil, resolva as quest\u00f5es:<\/p>\n<p>a) Explique (em at\u00e9 10 linhas) de que forma a avalia\u00e7\u00e3o dos controles internos impacta diretamente na realiza\u00e7\u00e3o dos trabalhos de auditoria.<br \/>\nb) Indique qual procedimento de auditoria \u00e9 mais adequado para obter evid\u00eancias quanto \u00e0 exist\u00eancia e veracidade do saldo de contas a receber desse cliente. Justifique sua escolha com base nas normas.<br \/>\nc) Considerando as fragilidades dos controles internos da Avalia Ltda, indique qual dos riscos de auditoria (risco inerente, risco de controle ou risco de detec\u00e7\u00e3o) est\u00e1 mais presente nessa situa\u00e7\u00e3o e explique como esse risco impactar\u00e1 o volume de testes que o auditor dever\u00e1 realizar.<\/p>\n<p>QUEST\u00c3O 2:<\/p>\n<p>Durante a auditoria das demonstra\u00e7\u00f5es cont\u00e1beis da empresa Avalia Ltda, voc\u00ea, Auditor Independente, precisa determinar os par\u00e2metros de materialidade, a fim de planejar os procedimentos e avaliar o impacto de poss\u00edveis distor\u00e7\u00f5es encontradas.<\/p>\n<p>Conforme estabelece a NBC TA 320 (CFC, 2016), o conceito de materialidade \u00e9 fundamental tanto para o planejamento quanto para a execu\u00e7\u00e3o dos trabalhos de auditoria. A correta defini\u00e7\u00e3o desse par\u00e2metro auxilia o auditor a identificar quais distor\u00e7\u00f5es s\u00e3o relevantes o suficiente para influenciar as decis\u00f5es dos usu\u00e1rios das demonstra\u00e7\u00f5es cont\u00e1beis.<\/p>\n<p>Diante disso, explique o que \u00e9 materialidade na auditoria cont\u00e1bil, qual sua import\u00e2ncia no processo de auditoria e como ela influencia o julgamento profissional do auditor na emiss\u00e3o\u00a0do\u00a0parecer.<\/p>\n","protected":false},"excerpt":{"rendered":"<p>Na atividade MAPA, da disciplina de Auditoria Cont\u00e1bil, aplicaremos os conhecimentos relativos aos conceitos de Controle Interno, Riscos de Auditoria<\/p>\n","protected":false},"featured_media":2326,"template":"","meta":{"_monsterinsights_skip_tracking":false,"_monsterinsights_sitenote_active":false,"_monsterinsights_sitenote_note":"","_monsterinsights_sitenote_category":0},"product_brand":[],"product_cat":[46],"product_tag":[],"class_list":{"0":"post-6303","1":"product","2":"type-product","3":"status-publish","4":"has-post-thumbnail","6":"product_cat-ciencias-contabeis","8":"first","9":"instock","10":"downloadable","11":"virtual","12":"purchasable","13":"product-type-simple"},"yoast_head":"<!-- This site is optimized with the Yoast SEO plugin v27.4 - https:\/\/yoast.com\/product\/yoast-seo-wordpress\/ -->\n<title>MAPA - Auditoria Cont\u00e1bil - 53\/2025<\/title>\n<meta name=\"description\" content=\"Atividade MAPA - Auditoria Cont\u00e1bil - 53\/2025 &#8902; Unicesumar. Baixe agora mesmo um Mapa Pronto resolvido!\" \/>\n<meta name=\"robots\" content=\"index, follow, max-snippet:-1, max-image-preview:large, max-video-preview:-1\" \/>\n<link rel=\"canonical\" href=\"https:\/\/atividademapa.com\/?product=mapa-auditoria-contabil-53-2025\" \/>\n<meta property=\"og:locale\" content=\"pt_BR\" \/>\n<meta property=\"og:type\" content=\"article\" \/>\n<meta property=\"og:title\" content=\"MAPA - Auditoria Cont\u00e1bil - 53\/2025\" \/>\n<meta property=\"og:description\" content=\"Atividade MAPA - Auditoria Cont\u00e1bil - 53\/2025 &#8902; Unicesumar. Baixe agora mesmo um Mapa Pronto resolvido!\" \/>\n<meta property=\"og:url\" content=\"https:\/\/atividademapa.com\/?product=mapa-auditoria-contabil-53-2025\" \/>\n<meta property=\"og:site_name\" content=\"Atividade Mapa\" \/>\n<meta property=\"article:modified_time\" content=\"2025-09-10T00:03:57+00:00\" \/>\n<meta property=\"og:image\" content=\"https:\/\/i0.wp.com\/atividademapa.com\/wp-content\/uploads\/2023\/03\/Atividade-M.A.P.A-3.png?fit=300%2C300&ssl=1\" \/>\n\t<meta property=\"og:image:width\" content=\"300\" \/>\n\t<meta property=\"og:image:height\" content=\"300\" \/>\n\t<meta property=\"og:image:type\" content=\"image\/png\" \/>\n<meta name=\"twitter:card\" content=\"summary_large_image\" \/>\n<meta name=\"twitter:label1\" content=\"Est. tempo de leitura\" \/>\n\t<meta name=\"twitter:data1\" content=\"3 minutos\" \/>\n<script type=\"application\/ld+json\" class=\"yoast-schema-graph\">{\"@context\":\"https:\\\/\\\/schema.org\",\"@graph\":[{\"@type\":\"WebPage\",\"@id\":\"https:\\\/\\\/atividademapa.com\\\/?product=mapa-auditoria-contabil-53-2025\",\"url\":\"https:\\\/\\\/atividademapa.com\\\/?product=mapa-auditoria-contabil-53-2025\",\"name\":\"MAPA - Auditoria Cont\u00e1bil - 53\\\/2025\",\"isPartOf\":{\"@id\":\"https:\\\/\\\/atividademapa.com\\\/#website\"},\"primaryImageOfPage\":{\"@id\":\"https:\\\/\\\/atividademapa.com\\\/?product=mapa-auditoria-contabil-53-2025#primaryimage\"},\"image\":{\"@id\":\"https:\\\/\\\/atividademapa.com\\\/?product=mapa-auditoria-contabil-53-2025#primaryimage\"},\"thumbnailUrl\":\"https:\\\/\\\/i0.wp.com\\\/atividademapa.com\\\/wp-content\\\/uploads\\\/2023\\\/03\\\/Atividade-M.A.P.A-3.png?fit=300%2C300&ssl=1\",\"datePublished\":\"2025-09-10T00:03:56+00:00\",\"dateModified\":\"2025-09-10T00:03:57+00:00\",\"description\":\"Atividade MAPA - Auditoria Cont\u00e1bil - 53\\\/2025 &#8902; Unicesumar. Baixe agora mesmo um Mapa Pronto resolvido!\",\"breadcrumb\":{\"@id\":\"https:\\\/\\\/atividademapa.com\\\/?product=mapa-auditoria-contabil-53-2025#breadcrumb\"},\"inLanguage\":\"pt-BR\",\"potentialAction\":[{\"@type\":\"ReadAction\",\"target\":[\"https:\\\/\\\/atividademapa.com\\\/?product=mapa-auditoria-contabil-53-2025\"]}]},{\"@type\":\"ImageObject\",\"inLanguage\":\"pt-BR\",\"@id\":\"https:\\\/\\\/atividademapa.com\\\/?product=mapa-auditoria-contabil-53-2025#primaryimage\",\"url\":\"https:\\\/\\\/i0.wp.com\\\/atividademapa.com\\\/wp-content\\\/uploads\\\/2023\\\/03\\\/Atividade-M.A.P.A-3.png?fit=300%2C300&ssl=1\",\"contentUrl\":\"https:\\\/\\\/i0.wp.com\\\/atividademapa.com\\\/wp-content\\\/uploads\\\/2023\\\/03\\\/Atividade-M.A.P.A-3.png?fit=300%2C300&ssl=1\",\"width\":300,\"height\":300,\"caption\":\"Mapa Unicesumar Atividade\"},{\"@type\":\"BreadcrumbList\",\"@id\":\"https:\\\/\\\/atividademapa.com\\\/?product=mapa-auditoria-contabil-53-2025#breadcrumb\",\"itemListElement\":[{\"@type\":\"ListItem\",\"position\":1,\"name\":\"In\u00edcio\",\"item\":\"https:\\\/\\\/atividademapa.com\\\/\"},{\"@type\":\"ListItem\",\"position\":2,\"name\":\"MAPAS\",\"item\":\"https:\\\/\\\/atividademapa.com\\\/?page_id=5\"},{\"@type\":\"ListItem\",\"position\":3,\"name\":\"MAPA &#8211; Auditoria Cont\u00e1bil &#8211; 53\\\/2025\"}]},{\"@type\":\"WebSite\",\"@id\":\"https:\\\/\\\/atividademapa.com\\\/#website\",\"url\":\"https:\\\/\\\/atividademapa.com\\\/\",\"name\":\"Atividade Mapa\",\"description\":\"StudeO | Unicesumar\",\"publisher\":{\"@id\":\"https:\\\/\\\/atividademapa.com\\\/#organization\"},\"potentialAction\":[{\"@type\":\"SearchAction\",\"target\":{\"@type\":\"EntryPoint\",\"urlTemplate\":\"https:\\\/\\\/atividademapa.com\\\/?s={search_term_string}\"},\"query-input\":{\"@type\":\"PropertyValueSpecification\",\"valueRequired\":true,\"valueName\":\"search_term_string\"}}],\"inLanguage\":\"pt-BR\"},{\"@type\":\"Organization\",\"@id\":\"https:\\\/\\\/atividademapa.com\\\/#organization\",\"name\":\"Atividade MAPA\",\"url\":\"https:\\\/\\\/atividademapa.com\\\/\",\"logo\":{\"@type\":\"ImageObject\",\"inLanguage\":\"pt-BR\",\"@id\":\"https:\\\/\\\/atividademapa.com\\\/#\\\/schema\\\/logo\\\/image\\\/\",\"url\":\"https:\\\/\\\/i0.wp.com\\\/atividademapa.com\\\/wp-content\\\/uploads\\\/2023\\\/02\\\/ATIVIDADE.png?fit=600%2C300&ssl=1\",\"contentUrl\":\"https:\\\/\\\/i0.wp.com\\\/atividademapa.com\\\/wp-content\\\/uploads\\\/2023\\\/02\\\/ATIVIDADE.png?fit=600%2C300&ssl=1\",\"width\":600,\"height\":300,\"caption\":\"Atividade MAPA\"},\"image\":{\"@id\":\"https:\\\/\\\/atividademapa.com\\\/#\\\/schema\\\/logo\\\/image\\\/\"}}]}<\/script>\n<!-- \/ Yoast SEO plugin. -->","yoast_head_json":{"title":"MAPA - Auditoria Cont\u00e1bil - 53\/2025","description":"Atividade MAPA - Auditoria Cont\u00e1bil - 53\/2025 &#8902; Unicesumar. Baixe agora mesmo um Mapa Pronto resolvido!","robots":{"index":"index","follow":"follow","max-snippet":"max-snippet:-1","max-image-preview":"max-image-preview:large","max-video-preview":"max-video-preview:-1"},"canonical":"https:\/\/atividademapa.com\/?product=mapa-auditoria-contabil-53-2025","og_locale":"pt_BR","og_type":"article","og_title":"MAPA - Auditoria Cont\u00e1bil - 53\/2025","og_description":"Atividade MAPA - Auditoria Cont\u00e1bil - 53\/2025 &#8902; Unicesumar. Baixe agora mesmo um Mapa Pronto resolvido!","og_url":"https:\/\/atividademapa.com\/?product=mapa-auditoria-contabil-53-2025","og_site_name":"Atividade Mapa","article_modified_time":"2025-09-10T00:03:57+00:00","og_image":[{"width":300,"height":300,"url":"https:\/\/i0.wp.com\/atividademapa.com\/wp-content\/uploads\/2023\/03\/Atividade-M.A.P.A-3.png?fit=300%2C300&ssl=1","type":"image\/png"}],"twitter_card":"summary_large_image","twitter_misc":{"Est. tempo de leitura":"3 minutos"},"schema":{"@context":"https:\/\/schema.org","@graph":[{"@type":"WebPage","@id":"https:\/\/atividademapa.com\/?product=mapa-auditoria-contabil-53-2025","url":"https:\/\/atividademapa.com\/?product=mapa-auditoria-contabil-53-2025","name":"MAPA - Auditoria Cont\u00e1bil - 53\/2025","isPartOf":{"@id":"https:\/\/atividademapa.com\/#website"},"primaryImageOfPage":{"@id":"https:\/\/atividademapa.com\/?product=mapa-auditoria-contabil-53-2025#primaryimage"},"image":{"@id":"https:\/\/atividademapa.com\/?product=mapa-auditoria-contabil-53-2025#primaryimage"},"thumbnailUrl":"https:\/\/i0.wp.com\/atividademapa.com\/wp-content\/uploads\/2023\/03\/Atividade-M.A.P.A-3.png?fit=300%2C300&ssl=1","datePublished":"2025-09-10T00:03:56+00:00","dateModified":"2025-09-10T00:03:57+00:00","description":"Atividade MAPA - Auditoria Cont\u00e1bil - 53\/2025 &#8902; Unicesumar. Baixe agora mesmo um Mapa Pronto resolvido!","breadcrumb":{"@id":"https:\/\/atividademapa.com\/?product=mapa-auditoria-contabil-53-2025#breadcrumb"},"inLanguage":"pt-BR","potentialAction":[{"@type":"ReadAction","target":["https:\/\/atividademapa.com\/?product=mapa-auditoria-contabil-53-2025"]}]},{"@type":"ImageObject","inLanguage":"pt-BR","@id":"https:\/\/atividademapa.com\/?product=mapa-auditoria-contabil-53-2025#primaryimage","url":"https:\/\/i0.wp.com\/atividademapa.com\/wp-content\/uploads\/2023\/03\/Atividade-M.A.P.A-3.png?fit=300%2C300&ssl=1","contentUrl":"https:\/\/i0.wp.com\/atividademapa.com\/wp-content\/uploads\/2023\/03\/Atividade-M.A.P.A-3.png?fit=300%2C300&ssl=1","width":300,"height":300,"caption":"Mapa Unicesumar Atividade"},{"@type":"BreadcrumbList","@id":"https:\/\/atividademapa.com\/?product=mapa-auditoria-contabil-53-2025#breadcrumb","itemListElement":[{"@type":"ListItem","position":1,"name":"In\u00edcio","item":"https:\/\/atividademapa.com\/"},{"@type":"ListItem","position":2,"name":"MAPAS","item":"https:\/\/atividademapa.com\/?page_id=5"},{"@type":"ListItem","position":3,"name":"MAPA &#8211; Auditoria Cont\u00e1bil &#8211; 53\/2025"}]},{"@type":"WebSite","@id":"https:\/\/atividademapa.com\/#website","url":"https:\/\/atividademapa.com\/","name":"Atividade Mapa","description":"StudeO | Unicesumar","publisher":{"@id":"https:\/\/atividademapa.com\/#organization"},"potentialAction":[{"@type":"SearchAction","target":{"@type":"EntryPoint","urlTemplate":"https:\/\/atividademapa.com\/?s={search_term_string}"},"query-input":{"@type":"PropertyValueSpecification","valueRequired":true,"valueName":"search_term_string"}}],"inLanguage":"pt-BR"},{"@type":"Organization","@id":"https:\/\/atividademapa.com\/#organization","name":"Atividade MAPA","url":"https:\/\/atividademapa.com\/","logo":{"@type":"ImageObject","inLanguage":"pt-BR","@id":"https:\/\/atividademapa.com\/#\/schema\/logo\/image\/","url":"https:\/\/i0.wp.com\/atividademapa.com\/wp-content\/uploads\/2023\/02\/ATIVIDADE.png?fit=600%2C300&ssl=1","contentUrl":"https:\/\/i0.wp.com\/atividademapa.com\/wp-content\/uploads\/2023\/02\/ATIVIDADE.png?fit=600%2C300&ssl=1","width":600,"height":300,"caption":"Atividade MAPA"},"image":{"@id":"https:\/\/atividademapa.com\/#\/schema\/logo\/image\/"}}]}},"_links":{"self":[{"href":"https:\/\/atividademapa.com\/index.php?rest_route=\/wp\/v2\/product\/6303","targetHints":{"allow":["GET"]}}],"collection":[{"href":"https:\/\/atividademapa.com\/index.php?rest_route=\/wp\/v2\/product"}],"about":[{"href":"https:\/\/atividademapa.com\/index.php?rest_route=\/wp\/v2\/types\/product"}],"version-history":[{"count":2,"href":"https:\/\/atividademapa.com\/index.php?rest_route=\/wp\/v2\/product\/6303\/revisions"}],"predecessor-version":[{"id":6306,"href":"https:\/\/atividademapa.com\/index.php?rest_route=\/wp\/v2\/product\/6303\/revisions\/6306"}],"wp:featuredmedia":[{"embeddable":true,"href":"https:\/\/atividademapa.com\/index.php?rest_route=\/wp\/v2\/media\/2326"}],"wp:attachment":[{"href":"https:\/\/atividademapa.com\/index.php?rest_route=%2Fwp%2Fv2%2Fmedia&parent=6303"}],"wp:term":[{"taxonomy":"product_brand","embeddable":true,"href":"https:\/\/atividademapa.com\/index.php?rest_route=%2Fwp%2Fv2%2Fproduct_brand&post=6303"},{"taxonomy":"product_cat","embeddable":true,"href":"https:\/\/atividademapa.com\/index.php?rest_route=%2Fwp%2Fv2%2Fproduct_cat&post=6303"},{"taxonomy":"product_tag","embeddable":true,"href":"https:\/\/atividademapa.com\/index.php?rest_route=%2Fwp%2Fv2%2Fproduct_tag&post=6303"}],"curies":[{"name":"wp","href":"https:\/\/api.w.org\/{rel}","templated":true}]}}