{"id":6344,"date":"2025-09-21T01:40:16","date_gmt":"2025-09-21T04:40:16","guid":{"rendered":"https:\/\/atividademapa.com\/?post_type=product&#038;p=6344"},"modified":"2025-09-21T01:40:17","modified_gmt":"2025-09-21T04:40:17","slug":"mapa-eprod-eletrotecnica-e-eletronica-53_2025","status":"publish","type":"product","link":"https:\/\/atividademapa.com\/?product=mapa-eprod-eletrotecnica-e-eletronica-53_2025","title":{"rendered":"MAPA &#8211; EPROD &#8211; Eletrot\u00e9cnica e Eletr\u00f4nica &#8211; 53_2025"},"content":{"rendered":"<p>MAPA &#8211; EPROD &#8211; Eletrot\u00e9cnica e Eletr\u00f4nica &#8211; 53_2025<\/p>\n<p>Um an\u00fancio sobre inversor de frequ\u00eancia tinha as seguintes informa\u00e7\u00f5es:<\/p>\n<p>\u201c<em>Economize em m\u00e9dia US$ 1.700 em gastos com energia para um motor t\u00edpico de 20 HP a cada ano utilizando um inversor de frequ\u00eancia.<\/em>\u201d<\/p>\n<p>De acordo com o anunciante as vantagens do uso de um inversor de frequ\u00eancia s\u00e3o diversas, principalmente no que tange a efici\u00eancia energ\u00e9tica, que dado ao n\u00famero crescente de aplica\u00e7\u00f5es na produ\u00e7\u00e3o de m\u00e1quinas e equipamentos e em instala\u00e7\u00f5es, s\u00e3o exigidas solu\u00e7\u00f5es individuais de automa\u00e7\u00e3o e acionamento que automatizem sequ\u00eancias de movimento simples com baixos requisitos associados.<br \/>\nO inversor de frequ\u00eancia oferece uma solu\u00e7\u00e3o de acionamento simples e econ\u00f4mica para esses tipos de aplica\u00e7\u00f5es com tempos de comissionamento reduzido, facilidade de opera\u00e7\u00e3o, robustez e custo-benef\u00edcio.<br \/>\nConsiderando-se que os custos de engenharia, comissionamento e opera\u00e7\u00e3o, devem ser mantidos o mais baixo poss\u00edvel e ao mesmo tempo, deve-se aumentar a efici\u00eancia energ\u00e9tica do sistema el\u00e9trico, aplica-se o inversor de frequ\u00eancia, que \u00e9 equipado com uma t\u00e9cnica de controle para atingir a efici\u00eancia energ\u00e9tica ideal.<\/p>\n<p><strong>Atividade MAPA:<\/strong><\/p>\n<p>Considere um processo de manufatura onde utiliza-se uma ponte m\u00f3vel para a movimenta\u00e7\u00e3o de cargas em uma linha de produ\u00e7\u00e3o (Figura 1). Observa-se que h\u00e1 tr\u00eas motores trif\u00e1sicos respons\u00e1veis pelos movimentos envolvidos: 1, 2 e 3, atuando:<\/p>\n<p>&#8211; na eleva\u00e7\u00e3o da carga (3),<\/p>\n<p>&#8211; no deslocamento lateral da carga (2) e<\/p>\n<p>&#8211; no avan\u00e7o da ponte no eixo longitudinal (1).<\/p>\n<p><img data-recalc-dims=\"1\" decoding=\"async\" src=\"https:\/\/i0.wp.com\/sistemasead.unicesumar.edu.br\/flex\/amfphp\/services\/Portal\/ImagemQuestionario2\/QUE_269890_665788_1.png\" alt=\"Diagrama\n&lt;br&gt;\n&lt;br&gt;O conte\u00fado gerado por IA pode estar incorreto.\" \/><\/p>\n<p>Figura 1: Ponte m\u00f3vel.<\/p>\n<p>Fonte: (Schneider Electric, 2019).<\/p>\n<p>Cada um dos motores \u00e9 acionado por chave de partida direta, o que motivou a substitui\u00e7\u00e3o por uma solu\u00e7\u00e3o que minimize o impacto mec\u00e2nico causado pela partida abrupta do motor e ao sistema el\u00e9trico dados pela metodologia de partida.<br \/>\nConsiderando-se a iniciativa de melhoria no sistema de acionamento, pretende-se utilizar inversores de frequ\u00eancia que podem ser programados com rampas de partida e parada adequadas aos prop\u00f3sitos do projeto.<\/p>\n<p>Avalie a viabilidade da aplica\u00e7\u00e3o de inversores de frequ\u00eancia na ponte m\u00f3vel e responda o que se pede:<br \/>\n1) Apresente a an\u00e1lise do retorno do investimento, apontando o devido per\u00edodo para este evento e o motivo que leva a esse resultado, considerando as fun\u00e7\u00f5es previstas para o inversor de frequ\u00eancia.<br \/>\n2) Apresente a an\u00e1lise de impacto de uso dos inversores relativa aos custos de instala\u00e7\u00e3o e no quesito manuten\u00e7\u00e3o, contemplar os elementos mec\u00e2nicos e el\u00e9tricos, quando comparado ao sistema de partida direta.<br \/>\n3) No que tange ao atendimento \u00e0s normas governamentais, demonstre como o inversor de frequ\u00eancia est\u00e1 preparado para contemplar as metas relativas \u00e0 efici\u00eancia energ\u00e9tica, contemplando a Lei da Efici\u00eancia Energ\u00e9tica (Lei n\u00ba 10.295\/2001).<br \/>\n4) Com rela\u00e7\u00e3o \u00e0 sustentabilidade, demonstre como \u00e9 poss\u00edvel contemplar esse termo com a utiliza\u00e7\u00e3o de inversores de frequ\u00eancia.<\/p>\n","protected":false},"excerpt":{"rendered":"<p>MAPA &#8211; EPROD &#8211; Eletrot\u00e9cnica e Eletr\u00f4nica &#8211; 53_2025 Um an\u00fancio sobre inversor de frequ\u00eancia tinha as seguintes informa\u00e7\u00f5es: \u201cEconomize<\/p>\n","protected":false},"featured_media":2326,"template":"","meta":{"_monsterinsights_skip_tracking":false,"_monsterinsights_sitenote_active":false,"_monsterinsights_sitenote_note":"","_monsterinsights_sitenote_category":0},"product_brand":[],"product_cat":[152,45],"product_tag":[],"class_list":{"0":"post-6344","1":"product","2":"type-product","3":"status-publish","4":"has-post-thumbnail","6":"product_cat-engenharia-da-producao","7":"product_cat-engenharias","9":"first","10":"instock","11":"downloadable","12":"virtual","13":"purchasable","14":"product-type-simple"},"yoast_head":"<!-- This site is optimized with the Yoast SEO plugin v27.4 - https:\/\/yoast.com\/product\/yoast-seo-wordpress\/ -->\n<title>MAPA - EPROD - Eletrot\u00e9cnica e Eletr\u00f4nica - 53_2025<\/title>\n<meta name=\"description\" content=\"Atividade MAPA - EPROD - Eletrot\u00e9cnica e Eletr\u00f4nica - 53_2025 &#8902; Unicesumar. Baixe agora mesmo um Mapa Pronto resolvido!\" \/>\n<meta name=\"robots\" content=\"index, follow, max-snippet:-1, max-image-preview:large, max-video-preview:-1\" \/>\n<link rel=\"canonical\" href=\"https:\/\/atividademapa.com\/?product=mapa-eprod-eletrotecnica-e-eletronica-53_2025\" \/>\n<meta property=\"og:locale\" content=\"pt_BR\" \/>\n<meta property=\"og:type\" content=\"article\" \/>\n<meta property=\"og:title\" content=\"MAPA - EPROD - Eletrot\u00e9cnica e Eletr\u00f4nica - 53_2025\" \/>\n<meta property=\"og:description\" content=\"Atividade MAPA - EPROD - Eletrot\u00e9cnica e Eletr\u00f4nica - 53_2025 &#8902; Unicesumar. Baixe agora mesmo um Mapa Pronto resolvido!\" \/>\n<meta property=\"og:url\" content=\"https:\/\/atividademapa.com\/?product=mapa-eprod-eletrotecnica-e-eletronica-53_2025\" \/>\n<meta property=\"og:site_name\" content=\"Atividade Mapa\" \/>\n<meta property=\"article:modified_time\" content=\"2025-09-21T04:40:17+00:00\" \/>\n<meta property=\"og:image\" content=\"https:\/\/i0.wp.com\/atividademapa.com\/wp-content\/uploads\/2023\/03\/Atividade-M.A.P.A-3.png?fit=300%2C300&ssl=1\" \/>\n\t<meta property=\"og:image:width\" content=\"300\" \/>\n\t<meta property=\"og:image:height\" content=\"300\" \/>\n\t<meta property=\"og:image:type\" content=\"image\/png\" \/>\n<meta name=\"twitter:card\" content=\"summary_large_image\" \/>\n<meta name=\"twitter:label1\" content=\"Est. tempo de leitura\" \/>\n\t<meta name=\"twitter:data1\" content=\"2 minutos\" \/>\n<script type=\"application\/ld+json\" class=\"yoast-schema-graph\">{\"@context\":\"https:\\\/\\\/schema.org\",\"@graph\":[{\"@type\":\"WebPage\",\"@id\":\"https:\\\/\\\/atividademapa.com\\\/?product=mapa-eprod-eletrotecnica-e-eletronica-53_2025\",\"url\":\"https:\\\/\\\/atividademapa.com\\\/?product=mapa-eprod-eletrotecnica-e-eletronica-53_2025\",\"name\":\"MAPA - EPROD - Eletrot\u00e9cnica e Eletr\u00f4nica - 53_2025\",\"isPartOf\":{\"@id\":\"https:\\\/\\\/atividademapa.com\\\/#website\"},\"primaryImageOfPage\":{\"@id\":\"https:\\\/\\\/atividademapa.com\\\/?product=mapa-eprod-eletrotecnica-e-eletronica-53_2025#primaryimage\"},\"image\":{\"@id\":\"https:\\\/\\\/atividademapa.com\\\/?product=mapa-eprod-eletrotecnica-e-eletronica-53_2025#primaryimage\"},\"thumbnailUrl\":\"https:\\\/\\\/i0.wp.com\\\/atividademapa.com\\\/wp-content\\\/uploads\\\/2023\\\/03\\\/Atividade-M.A.P.A-3.png?fit=300%2C300&ssl=1\",\"datePublished\":\"2025-09-21T04:40:16+00:00\",\"dateModified\":\"2025-09-21T04:40:17+00:00\",\"description\":\"Atividade MAPA - EPROD - Eletrot\u00e9cnica e Eletr\u00f4nica - 53_2025 &#8902; Unicesumar. Baixe agora mesmo um Mapa Pronto resolvido!\",\"breadcrumb\":{\"@id\":\"https:\\\/\\\/atividademapa.com\\\/?product=mapa-eprod-eletrotecnica-e-eletronica-53_2025#breadcrumb\"},\"inLanguage\":\"pt-BR\",\"potentialAction\":[{\"@type\":\"ReadAction\",\"target\":[\"https:\\\/\\\/atividademapa.com\\\/?product=mapa-eprod-eletrotecnica-e-eletronica-53_2025\"]}]},{\"@type\":\"ImageObject\",\"inLanguage\":\"pt-BR\",\"@id\":\"https:\\\/\\\/atividademapa.com\\\/?product=mapa-eprod-eletrotecnica-e-eletronica-53_2025#primaryimage\",\"url\":\"https:\\\/\\\/i0.wp.com\\\/atividademapa.com\\\/wp-content\\\/uploads\\\/2023\\\/03\\\/Atividade-M.A.P.A-3.png?fit=300%2C300&ssl=1\",\"contentUrl\":\"https:\\\/\\\/i0.wp.com\\\/atividademapa.com\\\/wp-content\\\/uploads\\\/2023\\\/03\\\/Atividade-M.A.P.A-3.png?fit=300%2C300&ssl=1\",\"width\":300,\"height\":300,\"caption\":\"Mapa Unicesumar Atividade\"},{\"@type\":\"BreadcrumbList\",\"@id\":\"https:\\\/\\\/atividademapa.com\\\/?product=mapa-eprod-eletrotecnica-e-eletronica-53_2025#breadcrumb\",\"itemListElement\":[{\"@type\":\"ListItem\",\"position\":1,\"name\":\"In\u00edcio\",\"item\":\"https:\\\/\\\/atividademapa.com\\\/\"},{\"@type\":\"ListItem\",\"position\":2,\"name\":\"MAPAS\",\"item\":\"https:\\\/\\\/atividademapa.com\\\/?page_id=5\"},{\"@type\":\"ListItem\",\"position\":3,\"name\":\"MAPA &#8211; EPROD &#8211; Eletrot\u00e9cnica e Eletr\u00f4nica &#8211; 53_2025\"}]},{\"@type\":\"WebSite\",\"@id\":\"https:\\\/\\\/atividademapa.com\\\/#website\",\"url\":\"https:\\\/\\\/atividademapa.com\\\/\",\"name\":\"Atividade Mapa\",\"description\":\"StudeO | Unicesumar\",\"publisher\":{\"@id\":\"https:\\\/\\\/atividademapa.com\\\/#organization\"},\"potentialAction\":[{\"@type\":\"SearchAction\",\"target\":{\"@type\":\"EntryPoint\",\"urlTemplate\":\"https:\\\/\\\/atividademapa.com\\\/?s={search_term_string}\"},\"query-input\":{\"@type\":\"PropertyValueSpecification\",\"valueRequired\":true,\"valueName\":\"search_term_string\"}}],\"inLanguage\":\"pt-BR\"},{\"@type\":\"Organization\",\"@id\":\"https:\\\/\\\/atividademapa.com\\\/#organization\",\"name\":\"Atividade MAPA\",\"url\":\"https:\\\/\\\/atividademapa.com\\\/\",\"logo\":{\"@type\":\"ImageObject\",\"inLanguage\":\"pt-BR\",\"@id\":\"https:\\\/\\\/atividademapa.com\\\/#\\\/schema\\\/logo\\\/image\\\/\",\"url\":\"https:\\\/\\\/i0.wp.com\\\/atividademapa.com\\\/wp-content\\\/uploads\\\/2023\\\/02\\\/ATIVIDADE.png?fit=600%2C300&ssl=1\",\"contentUrl\":\"https:\\\/\\\/i0.wp.com\\\/atividademapa.com\\\/wp-content\\\/uploads\\\/2023\\\/02\\\/ATIVIDADE.png?fit=600%2C300&ssl=1\",\"width\":600,\"height\":300,\"caption\":\"Atividade MAPA\"},\"image\":{\"@id\":\"https:\\\/\\\/atividademapa.com\\\/#\\\/schema\\\/logo\\\/image\\\/\"}}]}<\/script>\n<!-- \/ Yoast SEO plugin. -->","yoast_head_json":{"title":"MAPA - EPROD - Eletrot\u00e9cnica e Eletr\u00f4nica - 53_2025","description":"Atividade MAPA - EPROD - Eletrot\u00e9cnica e Eletr\u00f4nica - 53_2025 &#8902; Unicesumar. Baixe agora mesmo um Mapa Pronto resolvido!","robots":{"index":"index","follow":"follow","max-snippet":"max-snippet:-1","max-image-preview":"max-image-preview:large","max-video-preview":"max-video-preview:-1"},"canonical":"https:\/\/atividademapa.com\/?product=mapa-eprod-eletrotecnica-e-eletronica-53_2025","og_locale":"pt_BR","og_type":"article","og_title":"MAPA - EPROD - Eletrot\u00e9cnica e Eletr\u00f4nica - 53_2025","og_description":"Atividade MAPA - EPROD - Eletrot\u00e9cnica e Eletr\u00f4nica - 53_2025 &#8902; Unicesumar. Baixe agora mesmo um Mapa Pronto resolvido!","og_url":"https:\/\/atividademapa.com\/?product=mapa-eprod-eletrotecnica-e-eletronica-53_2025","og_site_name":"Atividade Mapa","article_modified_time":"2025-09-21T04:40:17+00:00","og_image":[{"width":300,"height":300,"url":"https:\/\/i0.wp.com\/atividademapa.com\/wp-content\/uploads\/2023\/03\/Atividade-M.A.P.A-3.png?fit=300%2C300&ssl=1","type":"image\/png"}],"twitter_card":"summary_large_image","twitter_misc":{"Est. tempo de leitura":"2 minutos"},"schema":{"@context":"https:\/\/schema.org","@graph":[{"@type":"WebPage","@id":"https:\/\/atividademapa.com\/?product=mapa-eprod-eletrotecnica-e-eletronica-53_2025","url":"https:\/\/atividademapa.com\/?product=mapa-eprod-eletrotecnica-e-eletronica-53_2025","name":"MAPA - EPROD - Eletrot\u00e9cnica e Eletr\u00f4nica - 53_2025","isPartOf":{"@id":"https:\/\/atividademapa.com\/#website"},"primaryImageOfPage":{"@id":"https:\/\/atividademapa.com\/?product=mapa-eprod-eletrotecnica-e-eletronica-53_2025#primaryimage"},"image":{"@id":"https:\/\/atividademapa.com\/?product=mapa-eprod-eletrotecnica-e-eletronica-53_2025#primaryimage"},"thumbnailUrl":"https:\/\/i0.wp.com\/atividademapa.com\/wp-content\/uploads\/2023\/03\/Atividade-M.A.P.A-3.png?fit=300%2C300&ssl=1","datePublished":"2025-09-21T04:40:16+00:00","dateModified":"2025-09-21T04:40:17+00:00","description":"Atividade MAPA - EPROD - Eletrot\u00e9cnica e Eletr\u00f4nica - 53_2025 &#8902; Unicesumar. Baixe agora mesmo um Mapa Pronto resolvido!","breadcrumb":{"@id":"https:\/\/atividademapa.com\/?product=mapa-eprod-eletrotecnica-e-eletronica-53_2025#breadcrumb"},"inLanguage":"pt-BR","potentialAction":[{"@type":"ReadAction","target":["https:\/\/atividademapa.com\/?product=mapa-eprod-eletrotecnica-e-eletronica-53_2025"]}]},{"@type":"ImageObject","inLanguage":"pt-BR","@id":"https:\/\/atividademapa.com\/?product=mapa-eprod-eletrotecnica-e-eletronica-53_2025#primaryimage","url":"https:\/\/i0.wp.com\/atividademapa.com\/wp-content\/uploads\/2023\/03\/Atividade-M.A.P.A-3.png?fit=300%2C300&ssl=1","contentUrl":"https:\/\/i0.wp.com\/atividademapa.com\/wp-content\/uploads\/2023\/03\/Atividade-M.A.P.A-3.png?fit=300%2C300&ssl=1","width":300,"height":300,"caption":"Mapa Unicesumar Atividade"},{"@type":"BreadcrumbList","@id":"https:\/\/atividademapa.com\/?product=mapa-eprod-eletrotecnica-e-eletronica-53_2025#breadcrumb","itemListElement":[{"@type":"ListItem","position":1,"name":"In\u00edcio","item":"https:\/\/atividademapa.com\/"},{"@type":"ListItem","position":2,"name":"MAPAS","item":"https:\/\/atividademapa.com\/?page_id=5"},{"@type":"ListItem","position":3,"name":"MAPA &#8211; EPROD &#8211; Eletrot\u00e9cnica e Eletr\u00f4nica &#8211; 53_2025"}]},{"@type":"WebSite","@id":"https:\/\/atividademapa.com\/#website","url":"https:\/\/atividademapa.com\/","name":"Atividade Mapa","description":"StudeO | Unicesumar","publisher":{"@id":"https:\/\/atividademapa.com\/#organization"},"potentialAction":[{"@type":"SearchAction","target":{"@type":"EntryPoint","urlTemplate":"https:\/\/atividademapa.com\/?s={search_term_string}"},"query-input":{"@type":"PropertyValueSpecification","valueRequired":true,"valueName":"search_term_string"}}],"inLanguage":"pt-BR"},{"@type":"Organization","@id":"https:\/\/atividademapa.com\/#organization","name":"Atividade MAPA","url":"https:\/\/atividademapa.com\/","logo":{"@type":"ImageObject","inLanguage":"pt-BR","@id":"https:\/\/atividademapa.com\/#\/schema\/logo\/image\/","url":"https:\/\/i0.wp.com\/atividademapa.com\/wp-content\/uploads\/2023\/02\/ATIVIDADE.png?fit=600%2C300&ssl=1","contentUrl":"https:\/\/i0.wp.com\/atividademapa.com\/wp-content\/uploads\/2023\/02\/ATIVIDADE.png?fit=600%2C300&ssl=1","width":600,"height":300,"caption":"Atividade MAPA"},"image":{"@id":"https:\/\/atividademapa.com\/#\/schema\/logo\/image\/"}}]}},"_links":{"self":[{"href":"https:\/\/atividademapa.com\/index.php?rest_route=\/wp\/v2\/product\/6344","targetHints":{"allow":["GET"]}}],"collection":[{"href":"https:\/\/atividademapa.com\/index.php?rest_route=\/wp\/v2\/product"}],"about":[{"href":"https:\/\/atividademapa.com\/index.php?rest_route=\/wp\/v2\/types\/product"}],"version-history":[{"count":1,"href":"https:\/\/atividademapa.com\/index.php?rest_route=\/wp\/v2\/product\/6344\/revisions"}],"predecessor-version":[{"id":6346,"href":"https:\/\/atividademapa.com\/index.php?rest_route=\/wp\/v2\/product\/6344\/revisions\/6346"}],"wp:featuredmedia":[{"embeddable":true,"href":"https:\/\/atividademapa.com\/index.php?rest_route=\/wp\/v2\/media\/2326"}],"wp:attachment":[{"href":"https:\/\/atividademapa.com\/index.php?rest_route=%2Fwp%2Fv2%2Fmedia&parent=6344"}],"wp:term":[{"taxonomy":"product_brand","embeddable":true,"href":"https:\/\/atividademapa.com\/index.php?rest_route=%2Fwp%2Fv2%2Fproduct_brand&post=6344"},{"taxonomy":"product_cat","embeddable":true,"href":"https:\/\/atividademapa.com\/index.php?rest_route=%2Fwp%2Fv2%2Fproduct_cat&post=6344"},{"taxonomy":"product_tag","embeddable":true,"href":"https:\/\/atividademapa.com\/index.php?rest_route=%2Fwp%2Fv2%2Fproduct_tag&post=6344"}],"curies":[{"name":"wp","href":"https:\/\/api.w.org\/{rel}","templated":true}]}}