{"id":6428,"date":"2025-10-08T22:32:10","date_gmt":"2025-10-09T01:32:10","guid":{"rendered":"https:\/\/atividademapa.com\/?post_type=product&#038;p=6428"},"modified":"2025-10-08T22:32:12","modified_gmt":"2025-10-09T01:32:12","slug":"mapa-gestao-de-canais-de-distribuicao-54-2025","status":"publish","type":"product","link":"https:\/\/atividademapa.com\/?product=mapa-gestao-de-canais-de-distribuicao-54-2025","title":{"rendered":"Mapa Gest\u00e3o de canais de distribui\u00e7\u00e3o\u00a054\/2025"},"content":{"rendered":"<div class=\"enunciado\">\n<div class=\"panel-body p-t-20 b-t b-grey\">\n<div class=\"painel-questao\">\n<div class=\"painel-questao-titulo cursor\">QUEST\u00c3O 1<\/div>\n<\/div>\n<\/div>\n<\/div>\n<div>Participar do com\u00e9rcio internacional \u00e9 uma excelente op\u00e7\u00e3o para empreendedores que desejam alargar o horizonte do neg\u00f3cio. Mas \u00e9 preciso encontrar os caminhos que facilitam o acesso aos mercados e, al\u00e9m disso, fixar estrat\u00e9gias adequadas de comercializa\u00e7\u00e3o para exporta\u00e7\u00e3o dos produtos. Neste sentido, a escolha dos canais de distribui\u00e7\u00e3o \u00e9 um passo decisivo para atingir os objetivos alinhados.<\/div>\n<p>&nbsp;<\/p>\n<div>Na rotina das opera\u00e7\u00f5es do com\u00e9rcio mundial, existem companhias que exercem pap\u00e9is diferenciados. Micros e pequenas empresas podem se valer da ajuda desses parceiros para promover rela\u00e7\u00f5es \u00e1geis e confi\u00e1veis em seus movimentos de exporta\u00e7\u00e3o. A vantagem \u00e9 que essas\u00a0<em>tradings<\/em>\u00a0conectam compradores e vendedores de pa\u00edses distintos, trabalhando para reduzir entraves na concretiza\u00e7\u00e3o dos neg\u00f3cios. Afora isso, os canais e agentes de distribui\u00e7\u00e3o podem auxiliar na elabora\u00e7\u00e3o de estrat\u00e9gias de marketing internacional.<\/p>\n<p><strong>Os benef\u00edcios de uma parceria bem escolhida<\/strong><\/p>\n<p>As vantagens de contar com canais eficientes de distribui\u00e7\u00e3o para exporta\u00e7\u00e3o s\u00e3o in\u00fameras. As companhias parceiras podem buscar planos de a\u00e7\u00f5es para reduzir impostos e acelerar prazos de entregas. Ou facilitar a entrada de produtos, ou servi\u00e7os nacionais em diversos pa\u00edses, auxiliando na adequa\u00e7\u00e3o desses produtos aos mercados internacionais. H\u00e1 quem ajude a visualizar oportunidades potenciais em novos mercados ou promover uma a\u00e7\u00e3o mais competitiva nos mercados j\u00e1 conhecidos.<\/p><\/div>\n<p>&nbsp;<\/p>\n<div>\n<p>Fonte: https:\/\/sebrae.com.br\/sites\/PortalSebrae\/artigos\/canais-de-distribuicao-abrem-horizontes-no-mercado-global,f7d52f8f340c5810VgnVCM1000001b00320aRCRD. Acesso em: 14 de agosto de 2025.<\/p>\n<p>O gestor\u00a0profissional necessita planejar e tomar decis\u00f5es sobre os canais de distribui\u00e7\u00e3o. A busca estrat\u00e9gica pelos melhores canais \u00e9 um dos grandes desafios na opera\u00e7\u00e3o de um neg\u00f3cio.<\/p>\n<p>Surge ent\u00e3o a oportunidade em nossa disciplina de Gest\u00e3o de Canais de Distribui\u00e7\u00e3o para compreender os diferentes tipos de canais de distribui\u00e7\u00e3o, por exemplo, o canal de venda direta e o de venda indireta. Isso trar\u00e1 mais significado para a sua forma\u00e7\u00e3o.<\/p>\n<p>Bom, e que tal experimentar e conhecer um exemplo sobre a escolha dos canais de distribui\u00e7\u00e3o?<\/p>\n<p>Sendo assim, convido voc\u00ea a assistir ao v\u00eddeo do link a seguir:<\/p>\n<p><iframe loading=\"lazy\" title=\"PLANEJAMENTO E GEST\u00c3O DE CANAIS DE DISTRIBUI\u00c7\u00c3O\" width=\"500\" height=\"281\" src=\"https:\/\/www.youtube.com\/embed\/KYOXdZcnG4E?feature=oembed\" frameborder=\"0\" allow=\"accelerometer; autoplay; clipboard-write; encrypted-media; gyroscope; picture-in-picture; web-share\" referrerpolicy=\"strict-origin-when-cross-origin\" allowfullscreen><\/iframe><\/p>\n<p>Gostaria de levar voc\u00ea a uma reflex\u00e3o. Reflita sobre os tipos de canais de distribui\u00e7\u00e3o (direto e indireto) que voc\u00ea j\u00e1 conhece, utiliza ou ouviu falar. Fa\u00e7a essa reflex\u00e3o e suas anota\u00e7\u00f5es, isso ser\u00e1 importante na condu\u00e7\u00e3o de sua atividade mapa.<\/p>\n<p>No nosso pr\u00f3prio livro did\u00e1tico de Canais de Distribui\u00e7\u00e3o voc\u00ea encontra suas defini\u00e7\u00f5es.<\/p><\/div>\n<p>&nbsp;<\/p>\n<div>\u201c<strong>Canal direto<\/strong>\u00a0ocorre quando o fabricante \u00e9 tamb\u00e9m o pr\u00f3prio distribuidor, sem a presen\u00e7a de intermedi\u00e1rios no processo. Esse tipo de canal \u00e9 comum em situa\u00e7\u00f5es como a de feirantes que produzem e vendem seus pr\u00f3prios produtos, vendas porta a porta ou comercializa\u00e7\u00e3o por meio de cat\u00e1logos.<\/p>\n<p><strong>Canal indireto<\/strong>, por sua vez, acontece quando o fabricante transfere a responsabilidade pela distribui\u00e7\u00e3o dos produtos para intermedi\u00e1rios. Nesse modelo, podem ocorrer vendas no atacado \u2014 envolvendo distribuidores, representantes, brokers, entre outros \u2014 ou vendas no varejo, como em mercearias, padarias, supermercados e hipermercados\u201d.<\/p>\n<\/div>\n<p>&nbsp;<\/p>\n<div>Fonte: LIMA, C. E.\u00a0<strong>Gest\u00e3o de canais de distribui\u00e7\u00e3o<\/strong>. Maring\u00e1: Unicesumar, 2022, p. 20.<\/div>\n<p>&nbsp;<\/p>\n<div>\n<p>Chegou o momento mais esperado em sua atividade Mapa, aquele em que voc\u00ea ir\u00e1 colocar a m\u00e3o na massa, e partir para a A\u00e7\u00e3o.\u00a0 Nesta atividade mapa voc\u00ea ser\u00e1 convidado a ter uma experi\u00eancia de uma situa\u00e7\u00e3o profissional para desenvolver suas habilidades sobre canais de distribui\u00e7\u00e3o. E essa experi\u00eancia ser\u00e1 voltada para os tipos de canais de distribui\u00e7\u00e3o. Para atingir o seu objetivo voc\u00ea dever\u00e1 escolher uma empresa (que voc\u00ea conhe\u00e7a, que voc\u00ea encontre na internet ou n\u00e3o). Ap\u00f3s a escolha, voc\u00ea dever\u00e1:<\/p>\n<p>1) Descrever o nome da empresa e o seu ramo de atua\u00e7\u00e3o.<\/p>\n<p>2) Descrever quais s\u00e3o os canais de distribui\u00e7\u00e3o adotados pela empresa.<\/p>\n<p>3) Explicar como esses canais\u00a0de distribui\u00e7\u00e3o acontecem (quem s\u00e3o os atores presentes, qual o fluxo de venda).<\/p>\n<p>4) Descrever se h\u00e1 outro tipo de canal de distribui\u00e7\u00e3o mais adequado que voc\u00ea prop\u00f5e. Justifique a sua resposta.<\/p>\n<p>\u200b<u>Orienta\u00e7\u00f5es importantes<\/u>:<\/p>\n<p>&#8211; Assista ao v\u00eddeo explicativo, dispon\u00edvel na pasta &#8220;Material da disciplina&#8221;.<\/p>\n<p>&#8211; Caso fa\u00e7a uso de fontes como livros, internet, revistas e artigos, informe-as nas Refer\u00eancias ao final de seu texto.<\/p>\n<p>&#8211; Realize uma cuidadosa corre\u00e7\u00e3o ortogr\u00e1fica em seu texto, e o copie no\u00a0<em>template<\/em>\/formul\u00e1rio (modelo), dispon\u00edvel na pasta Material da Disciplina.<\/p>\n<p>&#8211; Anexe o arquivo no ambiente da atividade, clicando sobre o bot\u00e3o Selecionar arquivo.<\/p>\n<p>&#8211; Ap\u00f3s anexar o trabalho, certifique-se de que seja o arquivo correto. Clique no bot\u00e3o Responder e, posteriormente, em Finalizar Question\u00e1rio (ap\u00f3s &#8220;Finalizar o Question\u00e1rio&#8221;, n\u00e3o ser\u00e1 poss\u00edvel reenviar a atividade ou realizar qualquer modifica\u00e7\u00e3o no arquivo enviado).<\/p>\n<p>Bons estudos!<\/p><\/div>\n","protected":false},"excerpt":{"rendered":"<p>QUEST\u00c3O 1 Participar do com\u00e9rcio internacional \u00e9 uma excelente op\u00e7\u00e3o para empreendedores que desejam alargar o horizonte do neg\u00f3cio. Mas<\/p>\n","protected":false},"featured_media":2326,"template":"","meta":{"_monsterinsights_skip_tracking":false,"_monsterinsights_sitenote_active":false,"_monsterinsights_sitenote_note":"","_monsterinsights_sitenote_category":0},"product_brand":[],"product_cat":[32],"product_tag":[],"class_list":{"0":"post-6428","1":"product","2":"type-product","3":"status-publish","4":"has-post-thumbnail","6":"product_cat-logistica","8":"first","9":"instock","10":"downloadable","11":"virtual","12":"purchasable","13":"product-type-simple"},"yoast_head":"<!-- This site is optimized with the Yoast SEO plugin v27.4 - https:\/\/yoast.com\/product\/yoast-seo-wordpress\/ -->\n<title>Mapa Gest\u00e3o de canais de distribui\u00e7\u00e3o\u00a054\/2025<\/title>\n<meta name=\"description\" content=\"Atividade Mapa Gest\u00e3o de canais de distribui\u00e7\u00e3o\u00a054\/2025 &#8902; Unicesumar. Baixe agora mesmo um Mapa Pronto resolvido!\" \/>\n<meta name=\"robots\" content=\"index, follow, max-snippet:-1, max-image-preview:large, max-video-preview:-1\" \/>\n<link rel=\"canonical\" href=\"https:\/\/atividademapa.com\/?product=mapa-gestao-de-canais-de-distribuicao-54-2025\" \/>\n<meta property=\"og:locale\" content=\"pt_BR\" \/>\n<meta property=\"og:type\" content=\"article\" \/>\n<meta property=\"og:title\" content=\"Mapa Gest\u00e3o de canais de distribui\u00e7\u00e3o\u00a054\/2025\" \/>\n<meta property=\"og:description\" content=\"Atividade Mapa Gest\u00e3o de canais de distribui\u00e7\u00e3o\u00a054\/2025 &#8902; Unicesumar. Baixe agora mesmo um Mapa Pronto resolvido!\" \/>\n<meta property=\"og:url\" content=\"https:\/\/atividademapa.com\/?product=mapa-gestao-de-canais-de-distribuicao-54-2025\" \/>\n<meta property=\"og:site_name\" content=\"Atividade Mapa\" \/>\n<meta property=\"article:modified_time\" content=\"2025-10-09T01:32:12+00:00\" \/>\n<meta property=\"og:image\" content=\"https:\/\/i0.wp.com\/atividademapa.com\/wp-content\/uploads\/2023\/03\/Atividade-M.A.P.A-3.png?fit=300%2C300&ssl=1\" \/>\n\t<meta property=\"og:image:width\" content=\"300\" \/>\n\t<meta property=\"og:image:height\" content=\"300\" \/>\n\t<meta property=\"og:image:type\" content=\"image\/png\" \/>\n<meta name=\"twitter:card\" content=\"summary_large_image\" \/>\n<meta name=\"twitter:label1\" content=\"Est. tempo de leitura\" \/>\n\t<meta name=\"twitter:data1\" content=\"4 minutos\" \/>\n<script type=\"application\/ld+json\" class=\"yoast-schema-graph\">{\"@context\":\"https:\\\/\\\/schema.org\",\"@graph\":[{\"@type\":\"WebPage\",\"@id\":\"https:\\\/\\\/atividademapa.com\\\/?product=mapa-gestao-de-canais-de-distribuicao-54-2025\",\"url\":\"https:\\\/\\\/atividademapa.com\\\/?product=mapa-gestao-de-canais-de-distribuicao-54-2025\",\"name\":\"Mapa Gest\u00e3o de canais de distribui\u00e7\u00e3o\u00a054\\\/2025\",\"isPartOf\":{\"@id\":\"https:\\\/\\\/atividademapa.com\\\/#website\"},\"primaryImageOfPage\":{\"@id\":\"https:\\\/\\\/atividademapa.com\\\/?product=mapa-gestao-de-canais-de-distribuicao-54-2025#primaryimage\"},\"image\":{\"@id\":\"https:\\\/\\\/atividademapa.com\\\/?product=mapa-gestao-de-canais-de-distribuicao-54-2025#primaryimage\"},\"thumbnailUrl\":\"https:\\\/\\\/i0.wp.com\\\/atividademapa.com\\\/wp-content\\\/uploads\\\/2023\\\/03\\\/Atividade-M.A.P.A-3.png?fit=300%2C300&ssl=1\",\"datePublished\":\"2025-10-09T01:32:10+00:00\",\"dateModified\":\"2025-10-09T01:32:12+00:00\",\"description\":\"Atividade Mapa Gest\u00e3o de canais de distribui\u00e7\u00e3o\u00a054\\\/2025 &#8902; Unicesumar. Baixe agora mesmo um Mapa Pronto resolvido!\",\"breadcrumb\":{\"@id\":\"https:\\\/\\\/atividademapa.com\\\/?product=mapa-gestao-de-canais-de-distribuicao-54-2025#breadcrumb\"},\"inLanguage\":\"pt-BR\",\"potentialAction\":[{\"@type\":\"ReadAction\",\"target\":[\"https:\\\/\\\/atividademapa.com\\\/?product=mapa-gestao-de-canais-de-distribuicao-54-2025\"]}]},{\"@type\":\"ImageObject\",\"inLanguage\":\"pt-BR\",\"@id\":\"https:\\\/\\\/atividademapa.com\\\/?product=mapa-gestao-de-canais-de-distribuicao-54-2025#primaryimage\",\"url\":\"https:\\\/\\\/i0.wp.com\\\/atividademapa.com\\\/wp-content\\\/uploads\\\/2023\\\/03\\\/Atividade-M.A.P.A-3.png?fit=300%2C300&ssl=1\",\"contentUrl\":\"https:\\\/\\\/i0.wp.com\\\/atividademapa.com\\\/wp-content\\\/uploads\\\/2023\\\/03\\\/Atividade-M.A.P.A-3.png?fit=300%2C300&ssl=1\",\"width\":300,\"height\":300,\"caption\":\"Mapa Unicesumar Atividade\"},{\"@type\":\"BreadcrumbList\",\"@id\":\"https:\\\/\\\/atividademapa.com\\\/?product=mapa-gestao-de-canais-de-distribuicao-54-2025#breadcrumb\",\"itemListElement\":[{\"@type\":\"ListItem\",\"position\":1,\"name\":\"In\u00edcio\",\"item\":\"https:\\\/\\\/atividademapa.com\\\/\"},{\"@type\":\"ListItem\",\"position\":2,\"name\":\"MAPAS\",\"item\":\"https:\\\/\\\/atividademapa.com\\\/?page_id=5\"},{\"@type\":\"ListItem\",\"position\":3,\"name\":\"Mapa Gest\u00e3o de canais de distribui\u00e7\u00e3o\u00a054\\\/2025\"}]},{\"@type\":\"WebSite\",\"@id\":\"https:\\\/\\\/atividademapa.com\\\/#website\",\"url\":\"https:\\\/\\\/atividademapa.com\\\/\",\"name\":\"Atividade Mapa\",\"description\":\"StudeO | Unicesumar\",\"publisher\":{\"@id\":\"https:\\\/\\\/atividademapa.com\\\/#organization\"},\"potentialAction\":[{\"@type\":\"SearchAction\",\"target\":{\"@type\":\"EntryPoint\",\"urlTemplate\":\"https:\\\/\\\/atividademapa.com\\\/?s={search_term_string}\"},\"query-input\":{\"@type\":\"PropertyValueSpecification\",\"valueRequired\":true,\"valueName\":\"search_term_string\"}}],\"inLanguage\":\"pt-BR\"},{\"@type\":\"Organization\",\"@id\":\"https:\\\/\\\/atividademapa.com\\\/#organization\",\"name\":\"Atividade MAPA\",\"url\":\"https:\\\/\\\/atividademapa.com\\\/\",\"logo\":{\"@type\":\"ImageObject\",\"inLanguage\":\"pt-BR\",\"@id\":\"https:\\\/\\\/atividademapa.com\\\/#\\\/schema\\\/logo\\\/image\\\/\",\"url\":\"https:\\\/\\\/i0.wp.com\\\/atividademapa.com\\\/wp-content\\\/uploads\\\/2023\\\/02\\\/ATIVIDADE.png?fit=600%2C300&ssl=1\",\"contentUrl\":\"https:\\\/\\\/i0.wp.com\\\/atividademapa.com\\\/wp-content\\\/uploads\\\/2023\\\/02\\\/ATIVIDADE.png?fit=600%2C300&ssl=1\",\"width\":600,\"height\":300,\"caption\":\"Atividade MAPA\"},\"image\":{\"@id\":\"https:\\\/\\\/atividademapa.com\\\/#\\\/schema\\\/logo\\\/image\\\/\"}}]}<\/script>\n<!-- \/ Yoast SEO plugin. -->","yoast_head_json":{"title":"Mapa Gest\u00e3o de canais de distribui\u00e7\u00e3o\u00a054\/2025","description":"Atividade Mapa Gest\u00e3o de canais de distribui\u00e7\u00e3o\u00a054\/2025 &#8902; Unicesumar. Baixe agora mesmo um Mapa Pronto resolvido!","robots":{"index":"index","follow":"follow","max-snippet":"max-snippet:-1","max-image-preview":"max-image-preview:large","max-video-preview":"max-video-preview:-1"},"canonical":"https:\/\/atividademapa.com\/?product=mapa-gestao-de-canais-de-distribuicao-54-2025","og_locale":"pt_BR","og_type":"article","og_title":"Mapa Gest\u00e3o de canais de distribui\u00e7\u00e3o\u00a054\/2025","og_description":"Atividade Mapa Gest\u00e3o de canais de distribui\u00e7\u00e3o\u00a054\/2025 &#8902; Unicesumar. Baixe agora mesmo um Mapa Pronto resolvido!","og_url":"https:\/\/atividademapa.com\/?product=mapa-gestao-de-canais-de-distribuicao-54-2025","og_site_name":"Atividade Mapa","article_modified_time":"2025-10-09T01:32:12+00:00","og_image":[{"width":300,"height":300,"url":"https:\/\/i0.wp.com\/atividademapa.com\/wp-content\/uploads\/2023\/03\/Atividade-M.A.P.A-3.png?fit=300%2C300&ssl=1","type":"image\/png"}],"twitter_card":"summary_large_image","twitter_misc":{"Est. tempo de leitura":"4 minutos"},"schema":{"@context":"https:\/\/schema.org","@graph":[{"@type":"WebPage","@id":"https:\/\/atividademapa.com\/?product=mapa-gestao-de-canais-de-distribuicao-54-2025","url":"https:\/\/atividademapa.com\/?product=mapa-gestao-de-canais-de-distribuicao-54-2025","name":"Mapa Gest\u00e3o de canais de distribui\u00e7\u00e3o\u00a054\/2025","isPartOf":{"@id":"https:\/\/atividademapa.com\/#website"},"primaryImageOfPage":{"@id":"https:\/\/atividademapa.com\/?product=mapa-gestao-de-canais-de-distribuicao-54-2025#primaryimage"},"image":{"@id":"https:\/\/atividademapa.com\/?product=mapa-gestao-de-canais-de-distribuicao-54-2025#primaryimage"},"thumbnailUrl":"https:\/\/i0.wp.com\/atividademapa.com\/wp-content\/uploads\/2023\/03\/Atividade-M.A.P.A-3.png?fit=300%2C300&ssl=1","datePublished":"2025-10-09T01:32:10+00:00","dateModified":"2025-10-09T01:32:12+00:00","description":"Atividade Mapa Gest\u00e3o de canais de distribui\u00e7\u00e3o\u00a054\/2025 &#8902; Unicesumar. Baixe agora mesmo um Mapa Pronto resolvido!","breadcrumb":{"@id":"https:\/\/atividademapa.com\/?product=mapa-gestao-de-canais-de-distribuicao-54-2025#breadcrumb"},"inLanguage":"pt-BR","potentialAction":[{"@type":"ReadAction","target":["https:\/\/atividademapa.com\/?product=mapa-gestao-de-canais-de-distribuicao-54-2025"]}]},{"@type":"ImageObject","inLanguage":"pt-BR","@id":"https:\/\/atividademapa.com\/?product=mapa-gestao-de-canais-de-distribuicao-54-2025#primaryimage","url":"https:\/\/i0.wp.com\/atividademapa.com\/wp-content\/uploads\/2023\/03\/Atividade-M.A.P.A-3.png?fit=300%2C300&ssl=1","contentUrl":"https:\/\/i0.wp.com\/atividademapa.com\/wp-content\/uploads\/2023\/03\/Atividade-M.A.P.A-3.png?fit=300%2C300&ssl=1","width":300,"height":300,"caption":"Mapa Unicesumar Atividade"},{"@type":"BreadcrumbList","@id":"https:\/\/atividademapa.com\/?product=mapa-gestao-de-canais-de-distribuicao-54-2025#breadcrumb","itemListElement":[{"@type":"ListItem","position":1,"name":"In\u00edcio","item":"https:\/\/atividademapa.com\/"},{"@type":"ListItem","position":2,"name":"MAPAS","item":"https:\/\/atividademapa.com\/?page_id=5"},{"@type":"ListItem","position":3,"name":"Mapa Gest\u00e3o de canais de distribui\u00e7\u00e3o\u00a054\/2025"}]},{"@type":"WebSite","@id":"https:\/\/atividademapa.com\/#website","url":"https:\/\/atividademapa.com\/","name":"Atividade Mapa","description":"StudeO | Unicesumar","publisher":{"@id":"https:\/\/atividademapa.com\/#organization"},"potentialAction":[{"@type":"SearchAction","target":{"@type":"EntryPoint","urlTemplate":"https:\/\/atividademapa.com\/?s={search_term_string}"},"query-input":{"@type":"PropertyValueSpecification","valueRequired":true,"valueName":"search_term_string"}}],"inLanguage":"pt-BR"},{"@type":"Organization","@id":"https:\/\/atividademapa.com\/#organization","name":"Atividade MAPA","url":"https:\/\/atividademapa.com\/","logo":{"@type":"ImageObject","inLanguage":"pt-BR","@id":"https:\/\/atividademapa.com\/#\/schema\/logo\/image\/","url":"https:\/\/i0.wp.com\/atividademapa.com\/wp-content\/uploads\/2023\/02\/ATIVIDADE.png?fit=600%2C300&ssl=1","contentUrl":"https:\/\/i0.wp.com\/atividademapa.com\/wp-content\/uploads\/2023\/02\/ATIVIDADE.png?fit=600%2C300&ssl=1","width":600,"height":300,"caption":"Atividade MAPA"},"image":{"@id":"https:\/\/atividademapa.com\/#\/schema\/logo\/image\/"}}]}},"_links":{"self":[{"href":"https:\/\/atividademapa.com\/index.php?rest_route=\/wp\/v2\/product\/6428","targetHints":{"allow":["GET"]}}],"collection":[{"href":"https:\/\/atividademapa.com\/index.php?rest_route=\/wp\/v2\/product"}],"about":[{"href":"https:\/\/atividademapa.com\/index.php?rest_route=\/wp\/v2\/types\/product"}],"version-history":[{"count":1,"href":"https:\/\/atividademapa.com\/index.php?rest_route=\/wp\/v2\/product\/6428\/revisions"}],"predecessor-version":[{"id":6430,"href":"https:\/\/atividademapa.com\/index.php?rest_route=\/wp\/v2\/product\/6428\/revisions\/6430"}],"wp:featuredmedia":[{"embeddable":true,"href":"https:\/\/atividademapa.com\/index.php?rest_route=\/wp\/v2\/media\/2326"}],"wp:attachment":[{"href":"https:\/\/atividademapa.com\/index.php?rest_route=%2Fwp%2Fv2%2Fmedia&parent=6428"}],"wp:term":[{"taxonomy":"product_brand","embeddable":true,"href":"https:\/\/atividademapa.com\/index.php?rest_route=%2Fwp%2Fv2%2Fproduct_brand&post=6428"},{"taxonomy":"product_cat","embeddable":true,"href":"https:\/\/atividademapa.com\/index.php?rest_route=%2Fwp%2Fv2%2Fproduct_cat&post=6428"},{"taxonomy":"product_tag","embeddable":true,"href":"https:\/\/atividademapa.com\/index.php?rest_route=%2Fwp%2Fv2%2Fproduct_tag&post=6428"}],"curies":[{"name":"wp","href":"https:\/\/api.w.org\/{rel}","templated":true}]}}