{"id":6633,"date":"2026-02-27T20:57:53","date_gmt":"2026-02-27T23:57:53","guid":{"rendered":"https:\/\/atividademapa.com\/?post_type=product&#038;p=6633"},"modified":"2026-02-27T20:57:54","modified_gmt":"2026-02-27T23:57:54","slug":"mapa-embriologia-e-histologia-51_2026","status":"publish","type":"product","link":"https:\/\/atividademapa.com\/?product=mapa-embriologia-e-histologia-51_2026","title":{"rendered":"MAPA &#8211; EMBRIOLOGIA E HISTOLOGIA &#8211; 51_2026"},"content":{"rendered":"<p><strong class=\"ng-scope\">CARO ESTUDANTE!<\/strong><br class=\"ng-scope\" \/><strong class=\"ng-scope\">Seja bem-vindo \u00e0 atividade MAPA (Material de Avalia\u00e7\u00e3o Pr\u00e1tica de Aprendizagem) da disciplina de Embriologia e Histologia.<\/strong><br class=\"ng-scope\" \/><br class=\"ng-scope\" \/><strong class=\"ng-scope\">Instru\u00e7\u00f5es iniciais:<\/strong><br class=\"ng-scope\" \/>1- Utilize o modelo de MAPA padr\u00e3o para realizar esta atividade e siga todas as instru\u00e7\u00f5es constantes nesse modelo. Ele se encontra em &#8220;Material da Disciplina&#8221;.<br class=\"ng-scope\" \/>2- Assista ao v\u00eddeo com as instru\u00e7\u00f5es para a realiza\u00e7\u00e3o do MAPA, que estar\u00e1 na &#8220;Sala do Caf\u00e9&#8221;.<br class=\"ng-scope\" \/><br class=\"ng-scope\" \/>A demora entre a percep\u00e7\u00e3o dos sintomas e o desfecho final de doen\u00e7as degenerativas \u00e9 um problema relevante que vem sendo analisado h\u00e1 muitos anos em diversos pa\u00edses do mundo.<br class=\"ng-scope\" \/>Estudos recentes determinaram que o tempo m\u00e9dio para se concluir um diagn\u00f3stico de uma doen\u00e7a degenerativa \u00e9 de 10 a 15 semanas. Isso faz com que muitas vezes o paciente seja exposto a tratamentos desnecess\u00e1rios, e que podem at\u00e9 piorar o quadro da doen\u00e7a.<br class=\"ng-scope\" \/>Por isso, exames histol\u00f3gicos se fazem extremamente necess\u00e1rios. Atrav\u00e9s da an\u00e1lise da morfologia das c\u00e9lulas, \u00e9 poss\u00edvel definir um diagn\u00f3stico e um tratamento mais preciso, levando a uma melhora na qualidade de vida do paciente.<br class=\"ng-scope\" \/><br class=\"ng-scope\" \/>Nossa atividade MAPA retrata um caso cl\u00ednico, cuja preval\u00eancia da doen\u00e7a estudada \u00e9 de 4 a 6\/100.000 pessoas:<br class=\"ng-scope\" \/><br class=\"ng-scope\" \/>Jo\u00e3o, de 55 anos, relatou o in\u00edcio de fraqueza no p\u00e9 direito, que progrediu ao longo do membro inferior e se estendeu para o lado esquerdo. Essa fraqueza estava associada a c\u00e3ibras frequentes e se desenvolveu gradualmente. Al\u00e9m disso, ele mencionou uma perda de peso significativa devido \u00e0 dificuldade de degluti\u00e7\u00e3o. Procurou atendimento m\u00e9dico devido \u00e0 dispneia que ocorria mesmo com esfor\u00e7os m\u00ednimos nos \u00faltimos meses. No exame f\u00edsico, foi observada fraqueza muscular com sinais de\u00a0<strong class=\"ng-scope\">atrofia muscular distal em membros superiores e inferiores<\/strong>, presen\u00e7a de espasmos musculares, por\u00e9m\u00a0<strong class=\"ng-scope\">sensibilidade preservada<\/strong>. Com base na hist\u00f3ria cl\u00ednica, houve suspeita de\u00a0<strong class=\"ng-scope\">Esclerose Lateral Amiotr\u00f3fica (ELA)<\/strong>, cujo diagn\u00f3stico foi posteriormente confirmado por meio de eletroneuromiografia (ENMG). Exames de resson\u00e2ncia magn\u00e9tica das colunas cervical e tor\u00e1cica revelaram uma extensa les\u00e3o sugerindo\u00a0<strong class=\"ng-scope\">degenera\u00e7\u00e3o de neur\u00f4nios motores<\/strong>, com sinais de\u00a0<strong class=\"ng-scope\">denerva\u00e7\u00e3o em v\u00e1rias regi\u00f5es musculares<\/strong>. O paciente progrediu para uma condi\u00e7\u00e3o de plegia nos membros inferiores e tornou-se incapaz de deglutir, necessitando de uma gastrostomia endosc\u00f3pica. Ele recebeu acompanhamento de uma equipe multiprofissional, mas acabou requerendo ventila\u00e7\u00e3o mec\u00e2nica e, infelizmente, veio a \u00f3bito ap\u00f3s alguns meses de interna\u00e7\u00e3o.<br class=\"ng-scope\" \/><br class=\"ng-scope\" \/>Fonte: adaptado de: PEZZI, L. A. H.\u00a0<em class=\"ng-scope\">et al.<\/em>\u00a0<strong class=\"ng-scope\">Anatomia cl\u00ednica baseada em problemas<\/strong>. S\u00e3o Paulo: Grupo GEN, 2011.<br class=\"ng-scope\" \/><br class=\"ng-scope\" \/>Agora observe as imagens a seguir, l\u00e2minas histol\u00f3gicas coradas em Hematoxilina e Eosina (HE), da medula espinal de um paciente normal (sem a doen\u00e7a &#8211; A) e um paciente com ELA (B). Aqui \u00e9 importante observar que as duas imagens apresentam o mesmo aumento ao microsc\u00f3pio \u00f3ptico.<br class=\"ng-scope\" \/><img data-recalc-dims=\"1\" decoding=\"async\" class=\"ng-scope\" src=\"https:\/\/i0.wp.com\/sistemasead.unicesumar.edu.br\/flex\/amfphp\/services\/Portal\/ImagemQuestionario2\/QUE_301533_571287_1.png?ssl=1\" alt=\"\" \/><br class=\"ng-scope\" \/>Figura 1 &#8211; (A) Apresenta uma imagem de um paciente saud\u00e1vel; (B) paciente com ELA<br class=\"ng-scope\" \/>Fonte: https:\/\/anatpat.unicamp.br\/bineuela2.html. Acesso em: 6 fev. 2024.<br class=\"ng-scope\" \/><br class=\"ng-scope\" \/>Com base em todas essas informa\u00e7\u00f5es e nas imagens histol\u00f3gicas, responda \u00e0s seguintes quest\u00f5es:<br class=\"ng-scope\" \/>\u00a0<br class=\"ng-scope\" \/>a) Observando a Figura 1, que representa um corte histol\u00f3gico de uma pessoa saud\u00e1vel,\u00a0<strong class=\"ng-scope\">IDENTIFIQUE<\/strong>\u00a0todas as estruturas observadas em 1, 2, 3 e 4 e\u00a0<strong class=\"ng-scope\">DETALHE<\/strong>\u00a0a fun\u00e7\u00e3o de cada uma delas.<br class=\"ng-scope\" \/>b) Comparando a imagem B com a imagem A,\u00a0<strong class=\"ng-scope\">DESCREVA<\/strong>\u00a0as diferen\u00e7as celulares entre elas.<br class=\"ng-scope\" \/>c)\u00a0<strong class=\"ng-scope\">ESPECIFIQUE<\/strong>\u00a0qual \u00e9 o formato de um neur\u00f4nio, se existem outros tipos (utilize classifica\u00e7\u00e3o morfol\u00f3gica) e onde s\u00e3o encontrados.<br class=\"ng-scope\" \/>d)\u00a0<strong class=\"ng-scope\">EXPLIQUE<\/strong>\u00a0o que \u00e9 um neur\u00f4nio motor e, se existirem outras classifica\u00e7\u00f5es, qual a fun\u00e7\u00e3o de cada uma.<br class=\"ng-scope\" \/>e) No caso cl\u00ednico relatado nesta atividade, o paciente apresentou atrofia muscular.\u00a0<strong class=\"ng-scope\">DETALHE<\/strong>\u00a0qual tipo de m\u00fasculo foi acometido no caso cl\u00ednico e como o neur\u00f4nio motor faz sinapse com a fibra muscular.\u00a0<strong class=\"ng-scope\">EXPLIQUE<\/strong>\u00a0o que ocorre nessa regi\u00e3o de contato.<br class=\"ng-scope\" \/>\u00a0<br class=\"ng-scope\" \/>Para elaborar sua resposta, voc\u00ea pode consultar artigos cient\u00edficos e livros de histologia e patologia, dispon\u00edveis tanto na internet quanto na biblioteca da Unicesumar. Seguem algumas refer\u00eancias que poder\u00e3o servir de aux\u00edlio para elaborar as respostas:<br class=\"ng-scope\" \/><br class=\"ng-scope\" \/>&#8211; SILVA, C. G. da. Embriologia e Histologia. Maring\u00e1-PR: UniCesumar, 2023<br class=\"ng-scope\" \/>&#8211; BERTAZZI, R. N.\u00a0<em class=\"ng-scope\">et al<\/em>. Esclerose Lateral Amiotr\u00f3fica.\u00a0<strong class=\"ng-scope\">Revista de Patologia do Tocantins<\/strong>, v. 4, n. 3, p. 54-65, 2017.<br class=\"ng-scope\" \/>&#8211; JUNQUEIRA, L. C.; CARNEIRO, J.\u00a0<em class=\"ng-scope\"><strong>Histologia b\u00e1sica<\/strong><\/em>:\u00a0<em class=\"ng-scope\">texto e atlas<\/em>. 14. ed. S\u00e3o Paulo: Grupo GEN, 2023.<br class=\"ng-scope\" \/><br class=\"ng-scope\" \/><strong class=\"ng-scope\">ALGUMAS ORIENTA\u00c7\u00d5ES FINAIS<\/strong><br class=\"ng-scope\" \/>\u00a0<strong class=\"ng-scope\">Sobre o arquivo a ser enviado:<\/strong><br class=\"ng-scope\" \/>\u2192O arquivo deve ser enviado \u00fanica e exclusivamente pelo seu Studeo, no campo &#8220;M.A.P.A.&#8221; desta disciplina. Toda e qualquer outra forma de entrega deste Modelo de Resposta MAPA n\u00e3o \u00e9 considerada. Apenas o formato de PDF ser\u00e1 aceito.<br class=\"ng-scope\" \/>\u2192SOMENTE UM ARQUIVO PODE SER ANEXADO NO STUDEO.<br class=\"ng-scope\" \/>\u2192A qualidade do trabalho ser\u00e1 considerada na hora da avalia\u00e7\u00e3o, ent\u00e3o fa\u00e7a tudo com cuidado, responda \u00e0 demanda adequadamente e mostre sempre o seu racioc\u00ednio de modo claro e direto.<br class=\"ng-scope\" \/><br class=\"ng-scope\" \/><strong class=\"ng-scope\">Problemas frequentes a evitar:<\/strong><br class=\"ng-scope\" \/>\u2192 Coloque um nome simples no seu arquivo. Se o nome tiver caracteres estranhos (principalmente pontos) ou for muito grande, a equipe de corre\u00e7\u00e3o pode n\u00e3o conseguir<br class=\"ng-scope\" \/>abrir o seu trabalho, e ele pode ser zerado.<br class=\"ng-scope\" \/>\u2192 Se voc\u00ea usa OPEN OFFICE ou MAC, transforme o arquivo em .pdf para evitar incompatibilidades.<br class=\"ng-scope\" \/>\u2192 Verifique se voc\u00ea est\u00e1 enviando o arquivo correto! Identifique o arquivo com o seu primeiro e \u00faltimo nome e a disciplina, para evitar que voc\u00ea troque o arquivo na hora de anexar. Exemplo: MAPA_Bromatologia_CarolSouza.pdf.<br class=\"ng-scope\" \/>\u00a0<br class=\"ng-scope\" \/><strong class=\"ng-scope\">Como enviar o seu arquivo:<\/strong><br class=\"ng-scope\" \/>\u2192 Ao final do enunciado desta atividade, no Studeo, tem uma caixa de envio de arquivo. Basta clicar e selecionar sua atividade, ou arrastar o arquivo at\u00e9 ela.<br class=\"ng-scope\" \/>\u2192 Antes de clicar em FINALIZAR, certifique-se de que est\u00e1 tudo certo,\u00a0<u class=\"ng-scope\">pois uma vez finalizado voc\u00ea n\u00e3o poder\u00e1 mais modificar o arquivo<\/u>. Sugerimos que voc\u00ea clique no link gerado da sua atividade e fa\u00e7a o download para conferir.<\/p>\n","protected":false},"excerpt":{"rendered":"<p>CARO ESTUDANTE!Seja bem-vindo \u00e0 atividade MAPA (Material de Avalia\u00e7\u00e3o Pr\u00e1tica de Aprendizagem) da disciplina de Embriologia e Histologia.Instru\u00e7\u00f5es iniciais:1- Utilize<\/p>\n","protected":false},"featured_media":2326,"template":"","meta":{"_monsterinsights_skip_tracking":false,"_monsterinsights_sitenote_active":false,"_monsterinsights_sitenote_note":"","_monsterinsights_sitenote_category":0},"product_brand":[],"product_cat":[168,58],"product_tag":[],"class_list":{"0":"post-6633","1":"product","2":"type-product","3":"status-publish","4":"has-post-thumbnail","6":"product_cat-51-2026","7":"product_cat-biomedicina","9":"first","10":"instock","11":"downloadable","12":"virtual","13":"purchasable","14":"product-type-simple"},"yoast_head":"<!-- This site is optimized with the Yoast SEO plugin v26.9 - https:\/\/yoast.com\/product\/yoast-seo-wordpress\/ -->\n<title>MAPA - EMBRIOLOGIA E HISTOLOGIA - 51_2026<\/title>\n<meta name=\"description\" content=\"Atividade MAPA - EMBRIOLOGIA E HISTOLOGIA - 51_2026 &#8902; Unicesumar. Baixe agora mesmo um Mapa Pronto resolvido!\" \/>\n<meta name=\"robots\" content=\"index, follow, max-snippet:-1, max-image-preview:large, max-video-preview:-1\" \/>\n<link rel=\"canonical\" href=\"https:\/\/atividademapa.com\/?product=mapa-embriologia-e-histologia-51_2026\" \/>\n<meta property=\"og:locale\" content=\"pt_BR\" \/>\n<meta property=\"og:type\" content=\"article\" \/>\n<meta property=\"og:title\" content=\"MAPA - EMBRIOLOGIA E HISTOLOGIA - 51_2026\" \/>\n<meta property=\"og:description\" content=\"Atividade MAPA - EMBRIOLOGIA E HISTOLOGIA - 51_2026 &#8902; Unicesumar. Baixe agora mesmo um Mapa Pronto resolvido!\" \/>\n<meta property=\"og:url\" content=\"https:\/\/atividademapa.com\/?product=mapa-embriologia-e-histologia-51_2026\" \/>\n<meta property=\"og:site_name\" content=\"Atividade Mapa\" \/>\n<meta property=\"article:modified_time\" content=\"2026-02-27T23:57:54+00:00\" \/>\n<meta property=\"og:image\" content=\"https:\/\/atividademapa.com\/wp-content\/uploads\/2023\/03\/Atividade-M.A.P.A-3.png\" \/>\n\t<meta property=\"og:image:width\" content=\"300\" \/>\n\t<meta property=\"og:image:height\" content=\"300\" \/>\n\t<meta property=\"og:image:type\" content=\"image\/png\" \/>\n<meta name=\"twitter:card\" content=\"summary_large_image\" \/>\n<meta name=\"twitter:label1\" content=\"Est. tempo de leitura\" \/>\n\t<meta name=\"twitter:data1\" content=\"5 minutos\" \/>\n<script type=\"application\/ld+json\" class=\"yoast-schema-graph\">{\"@context\":\"https:\/\/schema.org\",\"@graph\":[{\"@type\":\"WebPage\",\"@id\":\"https:\/\/atividademapa.com\/?product=mapa-embriologia-e-histologia-51_2026\",\"url\":\"https:\/\/atividademapa.com\/?product=mapa-embriologia-e-histologia-51_2026\",\"name\":\"MAPA - EMBRIOLOGIA E HISTOLOGIA - 51_2026\",\"isPartOf\":{\"@id\":\"https:\/\/atividademapa.com\/#website\"},\"primaryImageOfPage\":{\"@id\":\"https:\/\/atividademapa.com\/?product=mapa-embriologia-e-histologia-51_2026#primaryimage\"},\"image\":{\"@id\":\"https:\/\/atividademapa.com\/?product=mapa-embriologia-e-histologia-51_2026#primaryimage\"},\"thumbnailUrl\":\"https:\/\/i0.wp.com\/atividademapa.com\/wp-content\/uploads\/2023\/03\/Atividade-M.A.P.A-3.png?fit=300%2C300&ssl=1\",\"datePublished\":\"2026-02-27T23:57:53+00:00\",\"dateModified\":\"2026-02-27T23:57:54+00:00\",\"description\":\"Atividade MAPA - EMBRIOLOGIA E HISTOLOGIA - 51_2026 &#8902; Unicesumar. Baixe agora mesmo um Mapa Pronto resolvido!\",\"breadcrumb\":{\"@id\":\"https:\/\/atividademapa.com\/?product=mapa-embriologia-e-histologia-51_2026#breadcrumb\"},\"inLanguage\":\"pt-BR\",\"potentialAction\":[{\"@type\":\"ReadAction\",\"target\":[\"https:\/\/atividademapa.com\/?product=mapa-embriologia-e-histologia-51_2026\"]}]},{\"@type\":\"ImageObject\",\"inLanguage\":\"pt-BR\",\"@id\":\"https:\/\/atividademapa.com\/?product=mapa-embriologia-e-histologia-51_2026#primaryimage\",\"url\":\"https:\/\/i0.wp.com\/atividademapa.com\/wp-content\/uploads\/2023\/03\/Atividade-M.A.P.A-3.png?fit=300%2C300&ssl=1\",\"contentUrl\":\"https:\/\/i0.wp.com\/atividademapa.com\/wp-content\/uploads\/2023\/03\/Atividade-M.A.P.A-3.png?fit=300%2C300&ssl=1\",\"width\":300,\"height\":300,\"caption\":\"Mapa Unicesumar Atividade\"},{\"@type\":\"BreadcrumbList\",\"@id\":\"https:\/\/atividademapa.com\/?product=mapa-embriologia-e-histologia-51_2026#breadcrumb\",\"itemListElement\":[{\"@type\":\"ListItem\",\"position\":1,\"name\":\"In\u00edcio\",\"item\":\"https:\/\/atividademapa.com\/\"},{\"@type\":\"ListItem\",\"position\":2,\"name\":\"MAPAS\",\"item\":\"https:\/\/atividademapa.com\/?page_id=5\"},{\"@type\":\"ListItem\",\"position\":3,\"name\":\"MAPA &#8211; EMBRIOLOGIA E HISTOLOGIA &#8211; 51_2026\"}]},{\"@type\":\"WebSite\",\"@id\":\"https:\/\/atividademapa.com\/#website\",\"url\":\"https:\/\/atividademapa.com\/\",\"name\":\"Atividade Mapa\",\"description\":\"StudeO | Unicesumar\",\"publisher\":{\"@id\":\"https:\/\/atividademapa.com\/#organization\"},\"potentialAction\":[{\"@type\":\"SearchAction\",\"target\":{\"@type\":\"EntryPoint\",\"urlTemplate\":\"https:\/\/atividademapa.com\/?s={search_term_string}\"},\"query-input\":{\"@type\":\"PropertyValueSpecification\",\"valueRequired\":true,\"valueName\":\"search_term_string\"}}],\"inLanguage\":\"pt-BR\"},{\"@type\":\"Organization\",\"@id\":\"https:\/\/atividademapa.com\/#organization\",\"name\":\"Atividade MAPA\",\"url\":\"https:\/\/atividademapa.com\/\",\"logo\":{\"@type\":\"ImageObject\",\"inLanguage\":\"pt-BR\",\"@id\":\"https:\/\/atividademapa.com\/#\/schema\/logo\/image\/\",\"url\":\"https:\/\/i0.wp.com\/atividademapa.com\/wp-content\/uploads\/2023\/02\/ATIVIDADE.png?fit=600%2C300&ssl=1\",\"contentUrl\":\"https:\/\/i0.wp.com\/atividademapa.com\/wp-content\/uploads\/2023\/02\/ATIVIDADE.png?fit=600%2C300&ssl=1\",\"width\":600,\"height\":300,\"caption\":\"Atividade MAPA\"},\"image\":{\"@id\":\"https:\/\/atividademapa.com\/#\/schema\/logo\/image\/\"}}]}<\/script>\n<!-- \/ Yoast SEO plugin. -->","yoast_head_json":{"title":"MAPA - EMBRIOLOGIA E HISTOLOGIA - 51_2026","description":"Atividade MAPA - EMBRIOLOGIA E HISTOLOGIA - 51_2026 &#8902; Unicesumar. Baixe agora mesmo um Mapa Pronto resolvido!","robots":{"index":"index","follow":"follow","max-snippet":"max-snippet:-1","max-image-preview":"max-image-preview:large","max-video-preview":"max-video-preview:-1"},"canonical":"https:\/\/atividademapa.com\/?product=mapa-embriologia-e-histologia-51_2026","og_locale":"pt_BR","og_type":"article","og_title":"MAPA - EMBRIOLOGIA E HISTOLOGIA - 51_2026","og_description":"Atividade MAPA - EMBRIOLOGIA E HISTOLOGIA - 51_2026 &#8902; Unicesumar. Baixe agora mesmo um Mapa Pronto resolvido!","og_url":"https:\/\/atividademapa.com\/?product=mapa-embriologia-e-histologia-51_2026","og_site_name":"Atividade Mapa","article_modified_time":"2026-02-27T23:57:54+00:00","og_image":[{"width":300,"height":300,"url":"https:\/\/atividademapa.com\/wp-content\/uploads\/2023\/03\/Atividade-M.A.P.A-3.png","type":"image\/png"}],"twitter_card":"summary_large_image","twitter_misc":{"Est. tempo de leitura":"5 minutos"},"schema":{"@context":"https:\/\/schema.org","@graph":[{"@type":"WebPage","@id":"https:\/\/atividademapa.com\/?product=mapa-embriologia-e-histologia-51_2026","url":"https:\/\/atividademapa.com\/?product=mapa-embriologia-e-histologia-51_2026","name":"MAPA - EMBRIOLOGIA E HISTOLOGIA - 51_2026","isPartOf":{"@id":"https:\/\/atividademapa.com\/#website"},"primaryImageOfPage":{"@id":"https:\/\/atividademapa.com\/?product=mapa-embriologia-e-histologia-51_2026#primaryimage"},"image":{"@id":"https:\/\/atividademapa.com\/?product=mapa-embriologia-e-histologia-51_2026#primaryimage"},"thumbnailUrl":"https:\/\/i0.wp.com\/atividademapa.com\/wp-content\/uploads\/2023\/03\/Atividade-M.A.P.A-3.png?fit=300%2C300&ssl=1","datePublished":"2026-02-27T23:57:53+00:00","dateModified":"2026-02-27T23:57:54+00:00","description":"Atividade MAPA - EMBRIOLOGIA E HISTOLOGIA - 51_2026 &#8902; Unicesumar. Baixe agora mesmo um Mapa Pronto resolvido!","breadcrumb":{"@id":"https:\/\/atividademapa.com\/?product=mapa-embriologia-e-histologia-51_2026#breadcrumb"},"inLanguage":"pt-BR","potentialAction":[{"@type":"ReadAction","target":["https:\/\/atividademapa.com\/?product=mapa-embriologia-e-histologia-51_2026"]}]},{"@type":"ImageObject","inLanguage":"pt-BR","@id":"https:\/\/atividademapa.com\/?product=mapa-embriologia-e-histologia-51_2026#primaryimage","url":"https:\/\/i0.wp.com\/atividademapa.com\/wp-content\/uploads\/2023\/03\/Atividade-M.A.P.A-3.png?fit=300%2C300&ssl=1","contentUrl":"https:\/\/i0.wp.com\/atividademapa.com\/wp-content\/uploads\/2023\/03\/Atividade-M.A.P.A-3.png?fit=300%2C300&ssl=1","width":300,"height":300,"caption":"Mapa Unicesumar Atividade"},{"@type":"BreadcrumbList","@id":"https:\/\/atividademapa.com\/?product=mapa-embriologia-e-histologia-51_2026#breadcrumb","itemListElement":[{"@type":"ListItem","position":1,"name":"In\u00edcio","item":"https:\/\/atividademapa.com\/"},{"@type":"ListItem","position":2,"name":"MAPAS","item":"https:\/\/atividademapa.com\/?page_id=5"},{"@type":"ListItem","position":3,"name":"MAPA &#8211; EMBRIOLOGIA E HISTOLOGIA &#8211; 51_2026"}]},{"@type":"WebSite","@id":"https:\/\/atividademapa.com\/#website","url":"https:\/\/atividademapa.com\/","name":"Atividade Mapa","description":"StudeO | Unicesumar","publisher":{"@id":"https:\/\/atividademapa.com\/#organization"},"potentialAction":[{"@type":"SearchAction","target":{"@type":"EntryPoint","urlTemplate":"https:\/\/atividademapa.com\/?s={search_term_string}"},"query-input":{"@type":"PropertyValueSpecification","valueRequired":true,"valueName":"search_term_string"}}],"inLanguage":"pt-BR"},{"@type":"Organization","@id":"https:\/\/atividademapa.com\/#organization","name":"Atividade MAPA","url":"https:\/\/atividademapa.com\/","logo":{"@type":"ImageObject","inLanguage":"pt-BR","@id":"https:\/\/atividademapa.com\/#\/schema\/logo\/image\/","url":"https:\/\/i0.wp.com\/atividademapa.com\/wp-content\/uploads\/2023\/02\/ATIVIDADE.png?fit=600%2C300&ssl=1","contentUrl":"https:\/\/i0.wp.com\/atividademapa.com\/wp-content\/uploads\/2023\/02\/ATIVIDADE.png?fit=600%2C300&ssl=1","width":600,"height":300,"caption":"Atividade MAPA"},"image":{"@id":"https:\/\/atividademapa.com\/#\/schema\/logo\/image\/"}}]}},"_links":{"self":[{"href":"https:\/\/atividademapa.com\/index.php?rest_route=\/wp\/v2\/product\/6633","targetHints":{"allow":["GET"]}}],"collection":[{"href":"https:\/\/atividademapa.com\/index.php?rest_route=\/wp\/v2\/product"}],"about":[{"href":"https:\/\/atividademapa.com\/index.php?rest_route=\/wp\/v2\/types\/product"}],"version-history":[{"count":1,"href":"https:\/\/atividademapa.com\/index.php?rest_route=\/wp\/v2\/product\/6633\/revisions"}],"predecessor-version":[{"id":6636,"href":"https:\/\/atividademapa.com\/index.php?rest_route=\/wp\/v2\/product\/6633\/revisions\/6636"}],"wp:featuredmedia":[{"embeddable":true,"href":"https:\/\/atividademapa.com\/index.php?rest_route=\/wp\/v2\/media\/2326"}],"wp:attachment":[{"href":"https:\/\/atividademapa.com\/index.php?rest_route=%2Fwp%2Fv2%2Fmedia&parent=6633"}],"wp:term":[{"taxonomy":"product_brand","embeddable":true,"href":"https:\/\/atividademapa.com\/index.php?rest_route=%2Fwp%2Fv2%2Fproduct_brand&post=6633"},{"taxonomy":"product_cat","embeddable":true,"href":"https:\/\/atividademapa.com\/index.php?rest_route=%2Fwp%2Fv2%2Fproduct_cat&post=6633"},{"taxonomy":"product_tag","embeddable":true,"href":"https:\/\/atividademapa.com\/index.php?rest_route=%2Fwp%2Fv2%2Fproduct_tag&post=6633"}],"curies":[{"name":"wp","href":"https:\/\/api.w.org\/{rel}","templated":true}]}}